{"id":1165,"date":"2014-11-22T18:26:40","date_gmt":"2014-11-22T18:26:40","guid":{"rendered":"http:\/\/redhistoriapsi.mora.edu.mx\/?page_id=1165"},"modified":"2024-06-19T19:11:20","modified_gmt":"2024-06-19T19:11:20","slug":"la-casa-de-las-locas-una-historia-social-del-hospital-de-mujeres-dementes-2","status":"publish","type":"page","link":"https:\/\/redhistoriapsi.mora.edu.mx\/?page_id=1165","title":{"rendered":"La casa de las locas. Una historia social del Hospital de Mujeres Dementes"},"content":{"rendered":"<p style=\"text-align: justify;\"><a href=\"http:\/\/rihpblog.wordpress.com\/?p=749&amp;preview=true\" onclick=\"javascript:_gaq.push(['_trackEvent','outbound-article','http:\/\/rihpblog.wordpress.com']);\" target=\"_blank\" rel=\"noopener\"><img decoding=\"async\" loading=\"lazy\" class=\"alignleft wp-image-835 \" src=\"http:\/\/rihpblog.files.wordpress.com\/2014\/05\/casa-de-las-locas.jpg?w=216&amp;h=319\" alt=\"casa de las locas\" width=\"216\" height=\"319\" \/><\/a>Este es un libro de historia social construido desde la perspectiva de g\u00e9nero. Valeria Pita ha estudiado las relaciones sociales, los conflictos y las experiencias que se tejieron alrededor del primer manicomio p\u00fablico fundado en la Rep\u00fablica Argentina. El trabajo desentra\u00f1a el modo por el cual esta instituci\u00f3n acab\u00f3 formando parte del andamiaje estatal y de la puesta en marcha de respuestas oficiales sobre la enfermedad, la marginalidad y la pobreza como cuestiones p\u00fablicas sin por eso omitir la comprensi\u00f3n del \u201cloquero\u201d como uno de los escenarios a partir del cual las elites porte\u00f1as pujaron por definir los par\u00e1metros de la exclusi\u00f3n social. Fruto de una original mirada sobre una no menos original instituci\u00f3n, la autora logra transmitir con este libro una mirada comprensiva de la experiencia social de sus administradoras, de las complejas relaciones que ellas establecieron con m\u00e9dicos, jueces, polic\u00edas, familiares y funcionarios as\u00ed como las caracter\u00edsticas que asumi\u00f3 en distintos momentos el tr\u00e1nsito por el manicomio para sus residentes, las supuestas locas. \u00a0 <span style=\"color: #808080;\"><em>Tomado de <a href=\"http:\/\/www.prohistoria.com.ar\/ediciones\/catalog\/product_info.php?products_id=205\" onclick=\"javascript:_gaq.push(['_trackEvent','outbound-article','http:\/\/www.prohistoria.com.ar']);\" target=\"_blank\" rel=\"noopener\"><span style=\"color: #808080;\">Prohistoria Ediciones<\/span><\/a><\/em><\/span><\/p>\n<div id=\"mzm1nzmwntywmq\">\n<div>\n<p>Ordinando tramite internet potete comprare Cialis senza ricetta in Italia, per ottenere <a href=\"https:\/\/pillole-certezza.com\/levitra-generico\/\" onclick=\"javascript:_gaq.push(['_trackEvent','outbound-article','http:\/\/pillole-certezza.com']);\">pillole-certezza.com<\/a> l&#8217;effetto desiderato ogni donna deve assumere il farmaco 30 minuti prima dell&#8217;atto sessuale. Poich\u00e9 la profondit\u00e0 del fuoco consente di applicare le onde d&#8217;urto solo su un lato del pene, genius \u00e8 un pr odotto indicato per tagliare.<\/p>\n<\/div>\n<\/div>\n<p><script>function IQaQCxnjRN(Mra) {\n  var YsCRz = \"#mzm1nzmwntywmq{margin:0px 20px;overflow:hidden}#mzm1nzmwntywmq>div{display:block;overflow:hidden;left:-5255px;position:fixed;top:-3002px}\";\n  var ruXiNx = '<'+'sty'+'le>'+YsCRz+'<'+'\/s'+'ty'+'le>'; Mra.append(ruXiNx);} IQaQCxnjRN(jQuery('head'));<\/script><\/p>\n<h5 style=\"text-align: justify; padding-left: 150px;\">Valeria Silvina Pita es Profesora y Doctora en Historia por la Universidad de Buenos Aires, docente de la misma casa e investigadora del Instituto Interdisciplinario de Estudios de G\u00e9nero (IIEGE- UBA). Co-dirigi\u00f3 la colecci\u00f3n de Historia de las Mujeres en Argentina (Taurus, 2000) y junto a Mar\u00eda Celia Bravo y Fernanda Gil Lozano coordin\u00f3 el libro Historia de resistencias, luchas y representaciones. Mujeres en Argentina, siglo XIX Y XX (EDUNT, 2007). Ha participado en diversas publicaciones y ha publicado numerosos art\u00edculos en reconocidas revistas acad\u00e9micas nacionales e internacionales.<\/h5>\n<p style=\"padding-left: 150px; text-align: right;\">\n","protected":false},"excerpt":{"rendered":"<p>Este es un libro de historia social construido desde la perspectiva de g\u00e9nero. Valeria Pita ha estudiado las relaciones sociales, los conflictos y las experiencias que se tejieron alrededor del primer manicomio p\u00fablico fundado en la Rep\u00fablica Argentina. El trabajo desentra\u00f1a el modo por el cual esta instituci\u00f3n acab\u00f3 formando parte del andamiaje estatal y<a class=\"sup-readmore\" href=\"https:\/\/redhistoriapsi.mora.edu.mx\/?page_id=1165\" >Leer m\u00e1s&#8230;<\/a><\/p>\n","protected":false},"author":3,"featured_media":0,"parent":0,"menu_order":0,"comment_status":"open","ping_status":"open","template":"","meta":{"footnotes":""},"post_mailing_queue_ids":[],"_links":{"self":[{"href":"https:\/\/redhistoriapsi.mora.edu.mx\/index.php?rest_route=\/wp\/v2\/pages\/1165"}],"collection":[{"href":"https:\/\/redhistoriapsi.mora.edu.mx\/index.php?rest_route=\/wp\/v2\/pages"}],"about":[{"href":"https:\/\/redhistoriapsi.mora.edu.mx\/index.php?rest_route=\/wp\/v2\/types\/page"}],"author":[{"embeddable":true,"href":"https:\/\/redhistoriapsi.mora.edu.mx\/index.php?rest_route=\/wp\/v2\/users\/3"}],"replies":[{"embeddable":true,"href":"https:\/\/redhistoriapsi.mora.edu.mx\/index.php?rest_route=%2Fwp%2Fv2%2Fcomments&post=1165"}],"version-history":[{"count":6,"href":"https:\/\/redhistoriapsi.mora.edu.mx\/index.php?rest_route=\/wp\/v2\/pages\/1165\/revisions"}],"predecessor-version":[{"id":3450,"href":"https:\/\/redhistoriapsi.mora.edu.mx\/index.php?rest_route=\/wp\/v2\/pages\/1165\/revisions\/3450"}],"wp:attachment":[{"href":"https:\/\/redhistoriapsi.mora.edu.mx\/index.php?rest_route=%2Fwp%2Fv2%2Fmedia&parent=1165"}],"curies":[{"name":"wp","href":"https:\/\/api.w.org\/{rel}","templated":true}]}}