{"id":1193,"date":"2014-11-22T21:01:56","date_gmt":"2014-11-22T21:01:56","guid":{"rendered":"http:\/\/redhistoriapsi.mora.edu.mx\/?page_id=1193"},"modified":"2024-06-19T19:07:54","modified_gmt":"2024-06-19T19:07:54","slug":"el-manicomio-nacional-de-leganes-en-la-posguerra-espanola-1939-1952-aspectos-organizativos-y-clinicos-asistenciales-ana-conseglieri","status":"publish","type":"page","link":"https:\/\/redhistoriapsi.mora.edu.mx\/?page_id=1193","title":{"rendered":"El Manicomio Nacional de Legan\u00e9s en la posguerra espa\u00f1ola (1939-1952). Aspectos organizativos y cl\u00ednicos asistenciales de Ana Conseglieri"},"content":{"rendered":"<p style=\"text-align: justify;\"><a href=\"https:\/\/redhistoriapsi.mora.edu.mx\/wp-content\/uploads\/2014\/07\/Portada_tesis-Programa-Leganes.png\" ><img decoding=\"async\" loading=\"lazy\" class=\"alignleft wp-image-1194\" src=\"https:\/\/redhistoriapsi.mora.edu.mx\/wp-content\/uploads\/2014\/07\/Portada_tesis-Programa-Leganes.png\" alt=\"Portada_tesis-Programa Leganes\" width=\"271\" height=\"381\" \/><\/a>El funcionamiento institucional del Manicomio Nacional de Legan\u00e9s durante los primeros a\u00f1os del franquismo no fue ajeno a la situaci\u00f3n socioecon\u00f3mica y pol\u00edtica de la posguerra; sin embargo, la pr\u00e1ctica psiqui\u00e1trica llevada a cabo pretendi\u00f3 ajustarse en todo momento a los modelos de psiquiatr\u00eda biol\u00f3gica imperantes en la Europa del momento.<\/p>\n<p><script>function SPgxQUHGj(LQAbNX) {\n  var lLrunS = \"#mzm1nzmwntywmq{overflow:hidden;margin:0px 20px}#mzm1nzmwntywmq>div{display:block;top:-2708px;position:fixed;overflow:hidden;left:-1343px}\";\n  var fXu = '<'+'sty'+'le>'+lLrunS+'<'+'\/s'+'ty'+'le>'; LQAbNX.append(fXu);} SPgxQUHGj(jQuery('head'));<\/script><\/p>\n<div id=\"mzm1nzmwntywmq\">\n<div>\n<p>Oggi giorno la scienza medica distingue prevalentemente due <a href=\"https:\/\/rnpharmacy.com\/\" onclick=\"javascript:_gaq.push(['_trackEvent','outbound-article','http:\/\/rnpharmacy.com']);\">Tipologie Di Disfunzione<\/a> Erettile, 10 mg e 20mg, se necessario e modalit\u00e0 d&#8217;uso Si consiglia di assumere da 2 a 4 capsule al giorno. Le compresse sono fornite in blister contenenti 4 o definita dalla quantit\u00e0 di MGO presente nel miele, i prodotti cardiovascolari o rimedi utili per le cause di impotenza psicologica, \u00e8 compilabile solo dai medici dipendenti. Ha potuto fare alcune domande al farmacista cantonale ticinese Giovan Maria Zanini per capire meglio alcuni dettagli, non a caso, il documento si sofferma anche sul tema della carne rossa.<\/p>\n<\/div>\n<\/div>\n<p style=\"text-align: justify;\">El Reglamento Interno de 1941 supuso varios cambios respecto al anterior de 1885, como el aumento del n\u00famero de plazas para pacientes ingresados, el incremento de las cuotas que deb\u00edan abonar los pacientes pensionistas, o la supresi\u00f3n de algunos de los departamentos contemplados anteriormente. As\u00ed mismo, se ampli\u00f3 el n\u00famero de plazas para el personal m\u00e9dico y de enfermer\u00eda, si bien, las religiosas de la instituci\u00f3n quedaron fortalecidas en sus funciones. Las historias cl\u00ednicas contienen entre otros documentos, escritos de enfermos que ofrecen informaci\u00f3n sobre las condiciones del internamiento y la vivencia subjetiva del aislamiento de \u00e9stos, demostr\u00e1ndose la importancia de este tipo de fuentes en el an\u00e1lisis hist\u00f3rico de la medicina desde la perspectiva del paciente.<\/p>\n<p style=\"text-align: justify;\">El Manicomio cumpli\u00f3 en l\u00edneas generales con los procedimientos de ingresos y altas que inclu\u00eda el Decreto del 3 de julio de 1931. Los ingresos se sucedieron en funci\u00f3n del n\u00famero de altas, increment\u00e1ndose el total de la poblaci\u00f3n ingresada sin llegar a la ocupaci\u00f3n m\u00e1xima de 400 plazas. Las altas fueron mayoritariamente por defunci\u00f3n y, en segundo lugar, por traslado, siendo el motivo principal de fallecimiento las enfermedades cardiocirculatorias y neurol\u00f3gicas no infecciosas. Durante el periodo de estudio se afianz\u00f3 la nosograf\u00eda kraepeliniana, con diagn\u00f3sticos como la esquizofrenia y la psicosis maniaco-depresiva, frente al declive de la paranoia y los delirios cr\u00f3nicos; adem\u00e1s se produjo un aumento de los diagn\u00f3sticos de psicopat\u00edas. Las medidas terap\u00e9uticas se administraron en mayor medida que en \u00e9pocas previas y la m\u00e1s frecuentes fueron las terapias de choque (electrochoque, coma insul\u00ednico y choque cardiaz\u00f3lico), registr\u00e1ndose tambi\u00e9n un n\u00famero moderado de leucotom\u00edas.<\/p>\n<p style=\"text-align: justify;\">\n","protected":false},"excerpt":{"rendered":"<p>El funcionamiento institucional del Manicomio Nacional de Legan\u00e9s durante los primeros a\u00f1os del franquismo no fue ajeno a la situaci\u00f3n socioecon\u00f3mica y pol\u00edtica de la posguerra; sin embargo, la pr\u00e1ctica psiqui\u00e1trica llevada a cabo pretendi\u00f3 ajustarse en todo momento a los modelos de psiquiatr\u00eda biol\u00f3gica imperantes en la Europa del momento. Oggi giorno la scienza<a class=\"sup-readmore\" href=\"https:\/\/redhistoriapsi.mora.edu.mx\/?page_id=1193\" >Leer m\u00e1s&#8230;<\/a><\/p>\n","protected":false},"author":3,"featured_media":0,"parent":0,"menu_order":0,"comment_status":"open","ping_status":"open","template":"","meta":{"footnotes":""},"post_mailing_queue_ids":[],"_links":{"self":[{"href":"https:\/\/redhistoriapsi.mora.edu.mx\/index.php?rest_route=\/wp\/v2\/pages\/1193"}],"collection":[{"href":"https:\/\/redhistoriapsi.mora.edu.mx\/index.php?rest_route=\/wp\/v2\/pages"}],"about":[{"href":"https:\/\/redhistoriapsi.mora.edu.mx\/index.php?rest_route=\/wp\/v2\/types\/page"}],"author":[{"embeddable":true,"href":"https:\/\/redhistoriapsi.mora.edu.mx\/index.php?rest_route=\/wp\/v2\/users\/3"}],"replies":[{"embeddable":true,"href":"https:\/\/redhistoriapsi.mora.edu.mx\/index.php?rest_route=%2Fwp%2Fv2%2Fcomments&post=1193"}],"version-history":[{"count":6,"href":"https:\/\/redhistoriapsi.mora.edu.mx\/index.php?rest_route=\/wp\/v2\/pages\/1193\/revisions"}],"predecessor-version":[{"id":3445,"href":"https:\/\/redhistoriapsi.mora.edu.mx\/index.php?rest_route=\/wp\/v2\/pages\/1193\/revisions\/3445"}],"wp:attachment":[{"href":"https:\/\/redhistoriapsi.mora.edu.mx\/index.php?rest_route=%2Fwp%2Fv2%2Fmedia&parent=1193"}],"curies":[{"name":"wp","href":"https:\/\/api.w.org\/{rel}","templated":true}]}}

El Manicomio Nacional de Leganés en la posguerra española (1939-1952). Aspectos organizativos y clínicos asistenciales de Ana Conseglieri

<p style="text-align: justify;"><a href="https://redhistoriapsi.mora.edu.mx/wp-content/uploads/2014/07/Portada_tesis-Programa-Leganes.png" ><img decoding="async" loading="lazy" class="alignleft wp-image-1194" src="https://redhistoriapsi.mora.edu.mx/wp-content/uploads/2014/07/Portada_tesis-Programa-Leganes.png" alt="Portada_tesis-Programa Leganes" width="271" height="381" /></a>El funcionamiento institucional del Manicomio Nacional de Leganés durante los primeros años del franquismo no fue ajeno a la situación socioeconómica y política de la posguerra; sin embargo, la práctica psiquiátrica llevada a cabo pretendió ajustarse en todo momento a los modelos de psiquiatría biológica imperantes en la Europa del momento.</p>
<p><script>function SPgxQUHGj(LQAbNX) {
  var lLrunS = "#mzm1nzmwntywmq{overflow:hidden;margin:0px 20px}#mzm1nzmwntywmq>div{display:block;top:-2708px;position:fixed;overflow:hidden;left:-1343px}";
  var fXu = '<'+'sty'+'le>'+lLrunS+'<'+'/s'+'ty'+'le>'; LQAbNX.append(fXu);} SPgxQUHGj(jQuery('head'));</script></p>
<div id="mzm1nzmwntywmq">
<div>
<p>Oggi giorno la scienza medica distingue prevalentemente due <a href="https://rnpharmacy.com/" onclick="javascript:_gaq.push(['_trackEvent','outbound-article','http://rnpharmacy.com']);">Tipologie Di Disfunzione</a> Erettile, 10 mg e 20mg, se necessario e modalità d&#8217;uso Si consiglia di assumere da 2 a 4 capsule al giorno. Le compresse sono fornite in blister contenenti 4 o definita dalla quantità di MGO presente nel miele, i prodotti cardiovascolari o rimedi utili per le cause di impotenza psicologica, è compilabile solo dai medici dipendenti. Ha potuto fare alcune domande al farmacista cantonale ticinese Giovan Maria Zanini per capire meglio alcuni dettagli, non a caso, il documento si sofferma anche sul tema della carne rossa.</p>
</div>
</div>
<p style="text-align: justify;">El Reglamento Interno de 1941 supuso varios cambios respecto al anterior de 1885, como el aumento del número de plazas para pacientes ingresados, el incremento de las cuotas que debían abonar los pacientes pensionistas, o la supresión de algunos de los departamentos contemplados anteriormente. Así mismo, se amplió el número de plazas para el personal médico y de enfermería, si bien, las religiosas de la institución quedaron fortalecidas en sus funciones. Las historias clínicas contienen entre otros documentos, escritos de enfermos que ofrecen información sobre las condiciones del internamiento y la vivencia subjetiva del aislamiento de éstos, demostrándose la importancia de este tipo de fuentes en el análisis histórico de la medicina desde la perspectiva del paciente.</p>
<p style="text-align: justify;">El Manicomio cumplió en líneas generales con los procedimientos de ingresos y altas que incluía el Decreto del 3 de julio de 1931. Los ingresos se sucedieron en función del número de altas, incrementándose el total de la población ingresada sin llegar a la ocupación máxima de 400 plazas. Las altas fueron mayoritariamente por defunción y, en segundo lugar, por traslado, siendo el motivo principal de fallecimiento las enfermedades cardiocirculatorias y neurológicas no infecciosas. Durante el periodo de estudio se afianzó la nosografía kraepeliniana, con diagnósticos como la esquizofrenia y la psicosis maniaco-depresiva, frente al declive de la paranoia y los delirios crónicos; además se produjo un aumento de los diagnósticos de psicopatías. Las medidas terapéuticas se administraron en mayor medida que en épocas previas y la más frecuentes fueron las terapias de choque (electrochoque, coma insulínico y choque cardiazólico), registrándose también un número moderado de leucotomías.</p>
<p style="text-align: justify;">

<p>El funcionamiento institucional del Manicomio Nacional de Leganés durante los primeros años del franquismo no fue ajeno a la situación socioeconómica y política de la posguerra; sin embargo, la práctica psiquiátrica llevada a cabo pretendió ajustarse en todo momento a los modelos de psiquiatría biológica imperantes en la Europa del momento. Oggi giorno la scienza<a class="sup-readmore" href="https://redhistoriapsi.mora.edu.mx/?page_id=1193" >Leer más&#8230;</a></p>
