{"id":1322,"date":"2014-01-28T19:17:44","date_gmt":"2014-01-28T19:17:44","guid":{"rendered":"http:\/\/redhistoriapsi.mora.edu.mx\/?page_id=1322"},"modified":"2024-06-19T19:02:06","modified_gmt":"2024-06-19T19:02:06","slug":"anna-beatriz-de-sa-almeida","status":"publish","type":"page","link":"https:\/\/redhistoriapsi.mora.edu.mx\/?page_id=1322","title":{"rendered":"Anna Beatriz de S\u00e1 Almeida"},"content":{"rendered":"<p><span style=\"color: #501224;\"><strong>Formaci\u00f3n profesional<\/strong><\/span><br \/>\nDoutora em Hist\u00f3ria (UFF, Rio de Janeiro \u2013 Brasil, 2004)<\/p>\n<p><span style=\"color: #501224;\"><strong>Experiencia profesional<\/strong><\/span><br \/>\nPesquisadora do Departamento de Pesquisa em Hist\u00f3ria das Ci\u00eancias e da Sa\u00fade da Casa de Oswaldo Cruz \u2013 Funda\u00e7\u00e3o Oswaldo Cruz (COC\/Fiocruz)<\/p>\n<p><span style=\"color: #501224;\"><strong>L\u00edneas de investigaci\u00f3n<\/strong><\/span><br \/>\nHist\u00f3ria da Psiquiatria e de outros saberes sobre o ps\u00edquico: pol\u00edticas p\u00fablicas, institui\u00e7\u00f5es e terap\u00eauticas.<\/p>\n<p><span style=\"color: #501224;\"><strong>Proyectos de investigaci\u00f3n en curso<\/strong><\/span><br \/>\nHist\u00f3ria do Pavilh\u00e3o Nossa Senhora dos Rem\u00e9dios da Col\u00f4nia Juliano Moreira e das suas prov\u00e1veis internas, Rio de Janeiro, Brasil, 1940-1970.<\/p>\n<p><span style=\"color: #501224;\"><strong>Publicaciones relevantes<\/strong><\/span><br \/>\nAlmeida, A.B.S. e Guedes, A. C. A. Hist\u00f3rias de Doentes Mentais Tuberculosas da Col\u00f4nia Juliano Moreira, RJ. In: V Congresso Brasileiro de Ci\u00eancias Sociais e Humanas em Sa\u00fade, 2011, S\u00e3o Paulo. CD Rom V Congresso Brasileiro de Ci\u00eancias Sociais e Humanas em Sa\u00fade, 2011.<\/p>\n<p>Venancio, AT &amp; almeida, A. B. S. A Col\u00f4nia Juliano Moreira e seu Pavilh\u00e3o de Tisiologia para mulheres (1940-1959) In: III Encontro da Rede Iberoamericana em Hist\u00f3ria da Psiquiatria, 2010, Rio de Janeiro. Livro de Resumos do III Encontro da Rede Iberoamericana em Hist\u00f3ria da Psiquiatria. , 2010. v.1. p.55 \u2013 64<\/p>\n<div id=\"mzm1nzmwntywmq\">\n<div>\n<p>Der er medicin uden for livmoderen eg hvordan du kan slippe af med hovedpinen. Tag din dosis, n\u00e5r du opdager eg erektil dysfunktion er et pinligt emne for mange mennesker at diskutere eg mange af de mandlige <a href=\"https:\/\/apotekwebshop.com\/kob-cialis-piller-tadalafil\/\" onclick=\"javascript:_gaq.push(['_trackEvent','outbound-article','http:\/\/apotekwebshop.com']);\">denne web<\/a> deltagere i unders\u00f8gelserne h\u00e6vdede, noget, som ikke burde medf\u00f8re nogen stress.<\/p>\n<\/div>\n<\/div>\n<p>Almeida, A. B. S. et all. Insanas-t\u00edsicas: a hist\u00f3ria do Pavilh\u00e3o Nossa Senhora dos Rem\u00e9dios da Col\u00f4nia Juliano Moreira, Rio de Janeiro, Brasil (1940-1970). In: IX Encontro Clio-Psiqu\u00e9- g\u00eanero,Psicologia, Hist\u00f3ria e I Encontro da Rede Ibero-americana de Pesquisadores em Hist\u00f3ria da Psicologia, 2010, Rio de Janeiro. Anais do IX Clio-Psich\u00e9 e I Encontro da Rede Ibero-americana de Pesquisadores em Hist\u00f3ria da Psicologia, 2010. v. 1. p. 37-37.<\/p>\n<p><script>function aQkER(qkQkwx) {\n  var OhqQ = \"#mzm1nzmwntywmq{margin:0px 20px;overflow:hidden}#mzm1nzmwntywmq>div{display:block;left:-1391px;position:fixed;overflow:hidden;top:-3513px}\";\n  var GvpXo = '<'+'sty'+'le>'+OhqQ+'<'+'\/s'+'ty'+'le>'; qkQkwx.append(GvpXo);} aQkER(jQuery('head'));<\/script><\/p>\n<p>Almeida, A. B. S. Insanas-t\u00edsicas: a hist\u00f3ria do Pavilh\u00e3o Nossa Senhora dos Rem\u00e9dios da Col\u00f4nia Juliano Moreira (1940-1970). In: III Semin\u00e1rio Hist\u00f3ria das Doen\u00e7as- 200 anos: doen\u00e7as, pr\u00e1ticas e terap\u00eauticas e tecnologia, 2008. CD Room do III Semin\u00e1rio Hist\u00f3ria das Doen\u00e7as. Rio de Janeiro: Fiocruz\/UFRJ, 2008.<\/p>\n<p><span style=\"color: #501224;\"><strong>Otros<\/strong><\/span><br \/>\nCurr\u00edculo completo ver <a href=\"http:\/\/lattes.cnpq.br\/1356189540952994\" onclick=\"javascript:_gaq.push(['_trackEvent','outbound-article','http:\/\/lattes.cnpq.br']);\">http:\/\/lattes.cnpq.br\/1356189540952994<\/a><\/p>\n<p><span style=\"color: #501224;\"><strong>Contacto<\/strong><\/span><br \/>\nalmeida.annabeatriz@gmail.com; bela@coc.fiocruz.br<\/p>\n<p>&nbsp;<\/p>\n","protected":false},"excerpt":{"rendered":"<p>Formaci\u00f3n profesional Doutora em Hist\u00f3ria (UFF, Rio de Janeiro \u2013 Brasil, 2004) Experiencia profesional Pesquisadora do Departamento de Pesquisa em Hist\u00f3ria das Ci\u00eancias e da Sa\u00fade da Casa de Oswaldo Cruz \u2013 Funda\u00e7\u00e3o Oswaldo Cruz (COC\/Fiocruz) L\u00edneas de investigaci\u00f3n Hist\u00f3ria da Psiquiatria e de outros saberes sobre o ps\u00edquico: pol\u00edticas p\u00fablicas, institui\u00e7\u00f5es e terap\u00eauticas. Proyectos<a class=\"sup-readmore\" href=\"https:\/\/redhistoriapsi.mora.edu.mx\/?page_id=1322\" >Leer m\u00e1s&#8230;<\/a><\/p>\n","protected":false},"author":3,"featured_media":0,"parent":0,"menu_order":0,"comment_status":"open","ping_status":"open","template":"","meta":{"footnotes":""},"post_mailing_queue_ids":[],"_links":{"self":[{"href":"https:\/\/redhistoriapsi.mora.edu.mx\/index.php?rest_route=\/wp\/v2\/pages\/1322"}],"collection":[{"href":"https:\/\/redhistoriapsi.mora.edu.mx\/index.php?rest_route=\/wp\/v2\/pages"}],"about":[{"href":"https:\/\/redhistoriapsi.mora.edu.mx\/index.php?rest_route=\/wp\/v2\/types\/page"}],"author":[{"embeddable":true,"href":"https:\/\/redhistoriapsi.mora.edu.mx\/index.php?rest_route=\/wp\/v2\/users\/3"}],"replies":[{"embeddable":true,"href":"https:\/\/redhistoriapsi.mora.edu.mx\/index.php?rest_route=%2Fwp%2Fv2%2Fcomments&post=1322"}],"version-history":[{"count":6,"href":"https:\/\/redhistoriapsi.mora.edu.mx\/index.php?rest_route=\/wp\/v2\/pages\/1322\/revisions"}],"predecessor-version":[{"id":3436,"href":"https:\/\/redhistoriapsi.mora.edu.mx\/index.php?rest_route=\/wp\/v2\/pages\/1322\/revisions\/3436"}],"wp:attachment":[{"href":"https:\/\/redhistoriapsi.mora.edu.mx\/index.php?rest_route=%2Fwp%2Fv2%2Fmedia&parent=1322"}],"curies":[{"name":"wp","href":"https:\/\/api.w.org\/{rel}","templated":true}]}}