{"id":1328,"date":"2014-08-28T19:55:53","date_gmt":"2014-08-28T19:55:53","guid":{"rendered":"http:\/\/redhistoriapsi.mora.edu.mx\/?page_id=1328"},"modified":"2024-06-19T19:02:43","modified_gmt":"2024-06-19T19:02:43","slug":"cristiana-facchinetti","status":"publish","type":"page","link":"https:\/\/redhistoriapsi.mora.edu.mx\/?page_id=1328","title":{"rendered":"Cristiana Facchinetti"},"content":{"rendered":"<p><span style=\"color: #501224;\"><strong>Formaci\u00f3n profesional<\/strong><\/span><br \/>\nPsicanalista. Doutora em Teor\u00eda Psicoanal\u00edtica (UFRJ) com p\u00f3s-dotorado em hist\u00f3ria das ci\u00eancias e da sa\u00fade (FIOCRUZ)<\/p>\n<p><span style=\"color: #501224;\"><strong> Experiencia profesional<\/strong><\/span><br \/>\nPesquisadora do Departamento de Pesquisa em Hist\u00f3ria das Ci\u00eancias e da Sa\u00fade e Professora do Programa de P\u00f3s-Gradua\u00e7\u00e3o em Hist\u00f3ria das Ci\u00eancias e da Sa\u00fade Casa de Oswaldo Cruz\/Fiocruz (Brasil).<\/p>\n<p><span style=\"color: #501224;\"><strong>L\u00edneas de investigaci\u00f3n<\/strong><\/span><br \/>\n-Hist\u00f3ria das ci\u00eancias biom\u00e9dicas<br \/>\n-Hist\u00f3ria da medicina e das doen\u00e7as<br \/>\n-Hist\u00f3ria da psiquiatria e de outros saberes sobre o ps\u00edquico: pol\u00edticas p\u00fablicas, institui\u00e7\u00f5es e terap\u00eauticas<\/p>\n<p><span style=\"color: #501224;\"><strong> Proyectos de investigaci\u00f3n en curso<\/strong><\/span><br \/>\nCirculando saberes: Las relaciones Brasil-Alemania en el contexto de la psiquiatr\u00eda (1903-1938)<br \/>\nCasa de Oswaldo Cruz\/ Fiocruz (Brasil)<\/p>\n<p><span style=\"color: #501224;\"><strong> Proyectos de investigaci\u00f3n concluidos<\/strong><\/span><br \/>\nBiopol\u00edtica, psiquiatr\u00eda y patrimonio inmaterial: La invenci\u00f3n del brasile\u00f1o moderno (1900-1930)<br \/>\nA Pr\u00e1tica Psiqui\u00e1trica e o Campo Biom\u00e9dico no Brasil 1900-1960 (2006-2008)<\/p>\n<p><span style=\"color: #501224;\"><strong>Publicaciones relevantes<\/strong><\/span><br \/>\n<span style=\"color: #000000;\"><a href=\"http:\/\/www.scielo.br\/scielo.php?script=sci_serial&amp;pid=0104-5970&amp;lng=en&amp;nrm=iso\" onclick=\"javascript:_gaq.push(['_trackEvent','outbound-article','http:\/\/www.scielo.br']);\"><span style=\"color: #000000;\">FACCHINETTI, Cristiana, MUNOZ, Pedro F. N. \u201cEmil Kraepelin na ci\u00eancia psiqui\u00e1trica do Rio de Janeiro, 1903-1933\u201d. Hist\u00f3ria, Ci\u00eancias, Sa\u00fade-Manguinhos (Impresso). V. 20, n. 1 (jan-mar), p.239 &#8211; 262, 2013.<\/span><\/a><\/span><\/p>\n<p style=\"text-align: justify;\"><span style=\"color: #000000;\"><a href=\"http:\/\/www.psycultures.org\/volumen-0.php\" onclick=\"javascript:_gaq.push(['_trackEvent','outbound-article','http:\/\/www.psycultures.org']);\"><span style=\"color: #000000;\">FACCHINETTI, C. . \u201cPsican\u00e1lise para Brasileiros: Hist\u00f3ria de sua Circula\u00e7\u00e3o e sua Apropria\u00e7\u00e3o No Entre-Guerras\u201d. Culturas Psi, v. 1, p. 45-62, 2012. <\/span><\/a><\/span><\/p>\n<p style=\"text-align: justify;\"><span style=\"color: #000000;\"><a href=\"http:\/\/www.revispsi.uerj.br\/v11n2\/artigos\/pdf\/v11n2a21.pdf\" onclick=\"javascript:_gaq.push(['_trackEvent','download','http:\/\/www.revispsi.uerj.br\/v11n2\/artigos\/pdf\/v11n2a21.pdf']);\"><span style=\"color: #000000;\">FACCHINETTI, Cristiana; CUPELLO, Priscila C\u00e9spede. O processo diagn\u00f3stico das psicopatas do Hospital Nacional de Alienados: entre a fisiologia e os maus costumes (1903-1930). Estudos e pesquisas em psicologia, v. 11, n. 2, ago. 2011. <\/span><\/a><\/span><\/p>\n<p style=\"text-align: justify;\"><span style=\"color: #000000;\"><a href=\"http:\/\/www.scielo.br\/pdf\/rlpf\/v14n3\/08.pdf\" onclick=\"javascript:_gaq.push(['_trackEvent','download','http:\/\/www.scielo.br\/pdf\/rlpf\/v14n3\/08.pdf']);\"><span style=\"color: #000000;\">JABERT, Alexander; FACCHINETTI, Cristiana. A experi\u00eancia da loucura segundo o espiritismo: uma an\u00e1lise dos prontu\u00e1rios m\u00e9dicos do Sanat\u00f3rio Esp\u00edrita de Uberaba. Revista Latinoamericana de Psicopatologia Fundamental, vol.14, n.3, 2011, pp. 513-529. <\/span><\/a><\/span><\/p>\n<p style=\"text-align: justify;\"><span style=\"color: #000000;\"><a href=\"http:\/\/www.revistaaen.es\/index.php\/frenia\/article\/view\/16517\/16357\" onclick=\"javascript:_gaq.push(['_trackEvent','outbound-article','http:\/\/www.revistaaen.es']);\"><span style=\"color: #000000;\">MUNOZ, Pedro F. N.; FACCHINETTI, Cristiana. Diagn\u00f3stico y tratamiento en el hospital nacional de alienados: el caso de los estados at\u00edpicos de degeneraci\u00f3n a comienzos del siglo XX. Frenia (Madrid), v. XI, p. 89-108, 2011.<\/span><\/a><\/span><\/p>\n<p><span style=\"color: #000000;\"><a href=\"http:\/\/www.scielo.br\/pdf\/hcsm\/v17s2\/15.pdf\" onclick=\"javascript:_gaq.push(['_trackEvent','download','http:\/\/www.scielo.br\/pdf\/hcsm\/v17s2\/15.pdf']);\"><span style=\"color: #000000;\">FACCHINETTI, Cristiana, CUPELLO, Priscila, EVANGELISTA, Danielle Ferreira. Arquivos Brasileiros de Psiquiatria, Neurologia e Ci\u00eancias Afins: uma fonte com muita hist\u00f3ria. Hist\u00f3ria, Ci\u00eancias, Sa\u00fade-Manguinhos, vol. 17, supl. 2, 2010, p. 527-535. <\/span><\/a><\/span><\/p>\n<p><span style=\"color: #501224;\"><strong>Otros<\/strong><\/span><br \/>\nVer curr\u00edculo completo em: http:\/\/lattes.cnpq.br\/0416751453315292<\/p>\n<p><span style=\"color: #501224;\"><strong>Contacto<\/strong><\/span><br \/>\ncfac@coc.fiocruz.br<\/p>\n","protected":false},"excerpt":{"rendered":"<p>Formaci\u00f3n profesional Psicanalista. Doutora em Teor\u00eda Psicoanal\u00edtica (UFRJ) com p\u00f3s-dotorado em hist\u00f3ria das ci\u00eancias e da sa\u00fade (FIOCRUZ) Experiencia profesional Pesquisadora do Departamento de Pesquisa em Hist\u00f3ria das Ci\u00eancias e da Sa\u00fade e Professora do Programa de P\u00f3s-Gradua\u00e7\u00e3o em Hist\u00f3ria das Ci\u00eancias e da Sa\u00fade Casa de Oswaldo Cruz\/Fiocruz (Brasil). L\u00edneas de investigaci\u00f3n -Hist\u00f3ria das<a class=\"sup-readmore\" href=\"https:\/\/redhistoriapsi.mora.edu.mx\/?page_id=1328\" >Leer m\u00e1s&#8230;<\/a><\/p>\n","protected":false},"author":3,"featured_media":0,"parent":0,"menu_order":0,"comment_status":"open","ping_status":"open","template":"","meta":{"footnotes":""},"post_mailing_queue_ids":[],"_links":{"self":[{"href":"https:\/\/redhistoriapsi.mora.edu.mx\/index.php?rest_route=\/wp\/v2\/pages\/1328"}],"collection":[{"href":"https:\/\/redhistoriapsi.mora.edu.mx\/index.php?rest_route=\/wp\/v2\/pages"}],"about":[{"href":"https:\/\/redhistoriapsi.mora.edu.mx\/index.php?rest_route=\/wp\/v2\/types\/page"}],"author":[{"embeddable":true,"href":"https:\/\/redhistoriapsi.mora.edu.mx\/index.php?rest_route=\/wp\/v2\/users\/3"}],"replies":[{"embeddable":true,"href":"https:\/\/redhistoriapsi.mora.edu.mx\/index.php?rest_route=%2Fwp%2Fv2%2Fcomments&post=1328"}],"version-history":[{"count":7,"href":"https:\/\/redhistoriapsi.mora.edu.mx\/index.php?rest_route=\/wp\/v2\/pages\/1328\/revisions"}],"predecessor-version":[{"id":1335,"href":"https:\/\/redhistoriapsi.mora.edu.mx\/index.php?rest_route=\/wp\/v2\/pages\/1328\/revisions\/1335"}],"wp:attachment":[{"href":"https:\/\/redhistoriapsi.mora.edu.mx\/index.php?rest_route=%2Fwp%2Fv2%2Fmedia&parent=1328"}],"curies":[{"name":"wp","href":"https:\/\/api.w.org\/{rel}","templated":true}]}}