{"id":1337,"date":"2014-08-28T20:46:25","date_gmt":"2014-08-28T20:46:25","guid":{"rendered":"http:\/\/redhistoriapsi.mora.edu.mx\/?page_id=1337"},"modified":"2024-06-19T19:05:58","modified_gmt":"2024-06-19T19:05:58","slug":"diego-jose-duque-ossa","status":"publish","type":"page","link":"https:\/\/redhistoriapsi.mora.edu.mx\/?page_id=1337","title":{"rendered":"Diego Jos\u00e9 Duque Ossa"},"content":{"rendered":"<p><span style=\"color: #501224;\"><strong> Formaci\u00f3n profesional<\/strong><\/span><br \/>\nM\u00e9dico especialista en Anestesiolog\u00eda, subespecialista en Cuidados Intensivos<br \/>\nEstudiante de \u00faltimo a\u00f1o de Historia<\/p>\n<p><span style=\"color: #501224;\"><strong> Experiencia profesional<\/strong><\/span><br \/>\nJefe Cirug\u00eda y Urgencias Hospital Universitario San Vicente Fundaci\u00f3n.<\/p>\n<p><span style=\"color: #501224;\"><strong> L\u00edneas de investigaci\u00f3n<\/strong><\/span><br \/>\nHistoria de la medicina, historia de la psiquiatr\u00eda, trauma y cuidados intensivos.<\/p>\n<p><span style=\"color: #501224;\"><strong> Proyectos de investigaci\u00f3n en curso<\/strong><\/span><br \/>\nDeontolog\u00eda y moral m\u00e9dica Medell\u00edn 1871- 1950.<\/p>\n<p><span style=\"color: #501224;\"><strong> Proyectos de investigaci\u00f3n concluidos<\/strong><\/span><br \/>\nPsicosis alcoh\u00f3lica, hospital Mental de Antioquia: 1900- 1930.<br \/>\nDeontolog\u00eda y moral primeras generaciones de m\u00e9dicos titulados en Antioquia.<\/p>\n<p><span style=\"color: #501224;\"><strong> Publicaciones relevantes<\/strong><\/span><br \/>\n&#8220;Psicosis alcoh\u00f3lica en el Hospital Mental de Antioquia, 1900- 1930&#8221;, Colombia Iatreia, Facultad de Medicina U De A, v.24 fasc. N\/A p.97 &#8211; 104, 2011, ISSN: 0121-0793<\/p>\n<p>&#8220;Aspectos deontol\u00f3gicos y morales en la educaci\u00f3n de las primeras generaciones de m\u00e9dicos titulados en Medell\u00edn 1871- 1950&#8221;, Historia 2.0. Conocimiento Hist\u00f3rico en Clave Digital. ed: Uis Universidad Industrial De Santander v.2 fasc.N\/A p.8 &#8211; 23 ,2011, ISSN: 2027-9035<\/p>\n<p><span style=\"color: #501224;\"><strong> Contacto<\/strong><\/span><br \/>\ndjd@une.net.co<\/p>\n","protected":false},"excerpt":{"rendered":"<p>Formaci\u00f3n profesional M\u00e9dico especialista en Anestesiolog\u00eda, subespecialista en Cuidados Intensivos Estudiante de \u00faltimo a\u00f1o de Historia Experiencia profesional Jefe Cirug\u00eda y Urgencias Hospital Universitario San Vicente Fundaci\u00f3n. L\u00edneas de investigaci\u00f3n Historia de la medicina, historia de la psiquiatr\u00eda, trauma y cuidados intensivos. Proyectos de investigaci\u00f3n en curso Deontolog\u00eda y moral m\u00e9dica Medell\u00edn 1871- 1950. Proyectos<a class=\"sup-readmore\" href=\"https:\/\/redhistoriapsi.mora.edu.mx\/?page_id=1337\" >Leer m\u00e1s&#8230;<\/a><\/p>\n","protected":false},"author":3,"featured_media":0,"parent":0,"menu_order":0,"comment_status":"open","ping_status":"open","template":"","meta":{"footnotes":""},"post_mailing_queue_ids":[],"_links":{"self":[{"href":"https:\/\/redhistoriapsi.mora.edu.mx\/index.php?rest_route=\/wp\/v2\/pages\/1337"}],"collection":[{"href":"https:\/\/redhistoriapsi.mora.edu.mx\/index.php?rest_route=\/wp\/v2\/pages"}],"about":[{"href":"https:\/\/redhistoriapsi.mora.edu.mx\/index.php?rest_route=\/wp\/v2\/types\/page"}],"author":[{"embeddable":true,"href":"https:\/\/redhistoriapsi.mora.edu.mx\/index.php?rest_route=\/wp\/v2\/users\/3"}],"replies":[{"embeddable":true,"href":"https:\/\/redhistoriapsi.mora.edu.mx\/index.php?rest_route=%2Fwp%2Fv2%2Fcomments&post=1337"}],"version-history":[{"count":1,"href":"https:\/\/redhistoriapsi.mora.edu.mx\/index.php?rest_route=\/wp\/v2\/pages\/1337\/revisions"}],"predecessor-version":[{"id":1338,"href":"https:\/\/redhistoriapsi.mora.edu.mx\/index.php?rest_route=\/wp\/v2\/pages\/1337\/revisions\/1338"}],"wp:attachment":[{"href":"https:\/\/redhistoriapsi.mora.edu.mx\/index.php?rest_route=%2Fwp%2Fv2%2Fmedia&parent=1337"}],"curies":[{"name":"wp","href":"https:\/\/api.w.org\/{rel}","templated":true}]}}

Diego José Duque Ossa

<p><span style="color: #501224;"><strong> Formación profesional</strong></span><br />
Médico especialista en Anestesiología, subespecialista en Cuidados Intensivos<br />
Estudiante de último año de Historia</p>
<p><span style="color: #501224;"><strong> Experiencia profesional</strong></span><br />
Jefe Cirugía y Urgencias Hospital Universitario San Vicente Fundación.</p>
<p><span style="color: #501224;"><strong> Líneas de investigación</strong></span><br />
Historia de la medicina, historia de la psiquiatría, trauma y cuidados intensivos.</p>
<p><span style="color: #501224;"><strong> Proyectos de investigación en curso</strong></span><br />
Deontología y moral médica Medellín 1871- 1950.</p>
<p><span style="color: #501224;"><strong> Proyectos de investigación concluidos</strong></span><br />
Psicosis alcohólica, hospital Mental de Antioquia: 1900- 1930.<br />
Deontología y moral primeras generaciones de médicos titulados en Antioquia.</p>
<p><span style="color: #501224;"><strong> Publicaciones relevantes</strong></span><br />
&#8220;Psicosis alcohólica en el Hospital Mental de Antioquia, 1900- 1930&#8221;, Colombia Iatreia, Facultad de Medicina U De A, v.24 fasc. N/A p.97 &#8211; 104, 2011, ISSN: 0121-0793</p>
<p>&#8220;Aspectos deontológicos y morales en la educación de las primeras generaciones de médicos titulados en Medellín 1871- 1950&#8221;, Historia 2.0. Conocimiento Histórico en Clave Digital. ed: Uis Universidad Industrial De Santander v.2 fasc.N/A p.8 &#8211; 23 ,2011, ISSN: 2027-9035</p>
<p><span style="color: #501224;"><strong> Contacto</strong></span><br />
djd@une.net.co</p>

<p>Formación profesional Médico especialista en Anestesiología, subespecialista en Cuidados Intensivos Estudiante de último año de Historia Experiencia profesional Jefe Cirugía y Urgencias Hospital Universitario San Vicente Fundación. Líneas de investigación Historia de la medicina, historia de la psiquiatría, trauma y cuidados intensivos. Proyectos de investigación en curso Deontología y moral médica Medellín 1871- 1950. Proyectos<a class="sup-readmore" href="https://redhistoriapsi.mora.edu.mx/?page_id=1337" >Leer más&#8230;</a></p>
