{"id":1344,"date":"2014-08-29T18:55:33","date_gmt":"2014-08-29T18:55:33","guid":{"rendered":"http:\/\/redhistoriapsi.mora.edu.mx\/?page_id=1344"},"modified":"2024-06-19T19:09:35","modified_gmt":"2024-06-19T19:09:35","slug":"flavio-coelho-edler","status":"publish","type":"page","link":"https:\/\/redhistoriapsi.mora.edu.mx\/?page_id=1344","title":{"rendered":"Flavio Coelho Edler"},"content":{"rendered":"<p><span style=\"color: #501224;\"><strong>Formaci\u00f3n profesional<\/strong><\/span><br \/>\nDoutor em Sa\u00fade Coletiva (IMS-UERJ, 1999); Mestre em Historia Social (Universidade de S\u00e3o Paulo, USP 1992); Licenciado em Hist\u00f3ria (UFRJ, 1987).<\/p>\n<p><span style=\"color: #501224;\"><strong> Experiencia profesional<\/strong><\/span><br \/>\nPesquisador do Departamento de Pesquisa em Hist\u00f3ria das Ci\u00eancias e da Sa\u00fade e Professor do Programa de P\u00f3s-Gradua\u00e7\u00e3o em Hist\u00f3ria das Ci\u00eancias e da Sa\u00fade (PPGHCS\/COC\/Fiocruz). Experi\u00eancia na \u00e1rea de Historia da Medicina, atuando principalmente nos seguintes temas: hist\u00f3ria da pesquisa cl\u00ednica e experimental, doe\u00e7as e identidades sociais, hist\u00f3ria da sa\u00fade p\u00fablica, hist\u00f3ria do Brasil- s\u00e9culo XIX e sa\u00fade p\u00fablica.<\/p>\n<p><span style=\"color: #501224;\"><strong>L\u00edneas de investigaci\u00f3n<\/strong><\/span><br \/>\n-Hist\u00f3ria das ci\u00eancias biom\u00e9dicas<br \/>\n-Hist\u00f3ria da medicina e das doen\u00e7as<br \/>\n-Representa\u00e7\u00f5es antropol\u00f3gicas e psicol\u00f3gicas nas teorias m\u00e9dico-cient\u00edficas<br \/>\n-Historia da psiquiatria e de outros saberes sobre o ps\u00edquico: pol\u00edticas publicas, institui\u00e7\u00f5es e terap\u00eauticas<\/p>\n<p><span style=\"color: #501224;\"><strong>Proyectos de investigaci\u00f3n en curso<\/strong><\/span><br \/>\nCorpo, mente e alma: o discurso m\u00e9dico-antropol\u00f3gico sobre o comportamento criminoso no Brasil (1830-1889).<\/p>\n<p><span style=\"color: #501224;\"><strong>Publicaciones relevantes<\/strong><\/span><br \/>\nEDLER, Flavio Coelho; FREITAS, Ricardo Cabral . O imperscrut\u00e1vel v\u00ednculo: corpo e alma na medicina lusitana setecentista. Varia Hist\u00f3ria (UFMG. Impresso), (JUN.-JUL. 2013)<\/p>\n<p>EDLER, Flavio Coelho; Afr\u00e2nio Peixoto: Una cruzada civilizadora por la naci\u00f3n possible. Revista Biomedica (Mexico), v. 23, p. 119-128, 2012.<\/p>\n<p><span style=\"color: #000000;\"><a href=\"www.scielo.br\/pdf\/rlpf\/v12n2\/v12n2a13.pdf\" target=\"_blank\" rel=\"noopener\"><span style=\"color: #000000;\">EDLER, Flavio Coelho; SIQUEIRA, Monique Gon\u00e7alves. Os caminhos da loucura na Corte Imperial: um embate historiogr\u00e1fico acerca do funcionamento do Hosp\u00edcio Pedro II de 1850 a 1889. <em>Revista Latinoamericana de Psicopatologia Fundamental<\/em> v. 12, p. 393-410, 2009.<\/span><\/a> <\/span><\/p>\n<p><span style=\"color: #000000;\"><a href=\"http:\/\/asclepio.revistas.csic.es\/index.php\/asclepio\/article\/view\/341\/339\" onclick=\"javascript:_gaq.push(['_trackEvent','outbound-article','http:\/\/asclepio.revistas.csic.es']);\" target=\"_blank\" rel=\"noopener\"><span style=\"color: #000000;\">EDLER, Flavio Coelho. A Medicina Brasileira no S\u00e9culo XIX: um balan\u00e7o historiogr\u00e1fico. <em>Asclepio Revista de Historia de la Medicina y de la Ciencia<\/em> (Espa\u00f1a), v. L, n. 2, pp. 169-186, 1998. <\/span><\/a><\/span><\/p>\n<p><span style=\"color: #501224;\"><strong> Otros<\/strong><\/span><br \/>\nCurr\u00edculo completo ver: <span style=\"color: #501224;\"><strong> <a href=\"http:\/\/lattes.cnpq.br\/9613375091272843\" onclick=\"javascript:_gaq.push(['_trackEvent','outbound-article','http:\/\/lattes.cnpq.br']);\" target=\"_blank\" rel=\"noopener\">http:\/\/lattes.cnpq.br\/9613375091272843<\/a><\/strong><\/span><\/p>\n<p><span style=\"color: #501224;\"><strong>Contacto<\/strong><\/span><br \/>\nedler@fiocruz.br<\/p>\n<p>&nbsp;<\/p>\n","protected":false},"excerpt":{"rendered":"<p>Formaci\u00f3n profesional Doutor em Sa\u00fade Coletiva (IMS-UERJ, 1999); Mestre em Historia Social (Universidade de S\u00e3o Paulo, USP 1992); Licenciado em Hist\u00f3ria (UFRJ, 1987). Experiencia profesional Pesquisador do Departamento de Pesquisa em Hist\u00f3ria das Ci\u00eancias e da Sa\u00fade e Professor do Programa de P\u00f3s-Gradua\u00e7\u00e3o em Hist\u00f3ria das Ci\u00eancias e da Sa\u00fade (PPGHCS\/COC\/Fiocruz). Experi\u00eancia na \u00e1rea de<a class=\"sup-readmore\" href=\"https:\/\/redhistoriapsi.mora.edu.mx\/?page_id=1344\" >Leer m\u00e1s&#8230;<\/a><\/p>\n","protected":false},"author":3,"featured_media":0,"parent":0,"menu_order":0,"comment_status":"open","ping_status":"open","template":"","meta":{"footnotes":""},"post_mailing_queue_ids":[],"_links":{"self":[{"href":"https:\/\/redhistoriapsi.mora.edu.mx\/index.php?rest_route=\/wp\/v2\/pages\/1344"}],"collection":[{"href":"https:\/\/redhistoriapsi.mora.edu.mx\/index.php?rest_route=\/wp\/v2\/pages"}],"about":[{"href":"https:\/\/redhistoriapsi.mora.edu.mx\/index.php?rest_route=\/wp\/v2\/types\/page"}],"author":[{"embeddable":true,"href":"https:\/\/redhistoriapsi.mora.edu.mx\/index.php?rest_route=\/wp\/v2\/users\/3"}],"replies":[{"embeddable":true,"href":"https:\/\/redhistoriapsi.mora.edu.mx\/index.php?rest_route=%2Fwp%2Fv2%2Fcomments&post=1344"}],"version-history":[{"count":2,"href":"https:\/\/redhistoriapsi.mora.edu.mx\/index.php?rest_route=\/wp\/v2\/pages\/1344\/revisions"}],"predecessor-version":[{"id":3395,"href":"https:\/\/redhistoriapsi.mora.edu.mx\/index.php?rest_route=\/wp\/v2\/pages\/1344\/revisions\/3395"}],"wp:attachment":[{"href":"https:\/\/redhistoriapsi.mora.edu.mx\/index.php?rest_route=%2Fwp%2Fv2%2Fmedia&parent=1344"}],"curies":[{"name":"wp","href":"https:\/\/api.w.org\/{rel}","templated":true}]}}