{"id":1521,"date":"2015-01-13T20:01:38","date_gmt":"2015-01-13T20:01:38","guid":{"rendered":"http:\/\/redhistoriapsi.mora.edu.mx\/?page_id=1521"},"modified":"2024-06-19T19:13:24","modified_gmt":"2024-06-19T19:13:24","slug":"construccion-socio-historica-de-la-infancia-sus-interrelaciones-con-politicas-publicas-y-agencias-de-control-social","status":"publish","type":"page","link":"https:\/\/redhistoriapsi.mora.edu.mx\/?page_id=1521","title":{"rendered":"El proceso de construcci\u00f3n de la infancia desde una perspectiva socio hist\u00f3rica, pasado y presente en la relaci\u00f3n Estado, familia e infancia en Argentina"},"content":{"rendered":"<p style=\"text-align: justify;\">Resumen:\u00a0Para la historia de los derechos, en el marco de la historia de luchas pol\u00edticas y sociales libradas por diferentes colectivos, los ni\u00f1os y adolescentes fueron un grupo hist\u00f3ricamente vulnerado.<\/p>\n<p style=\"text-align: justify;\">La definici\u00f3n del ni\u00f1o a partir del siglo XVI-XVII, como sujeto de cuidados especiales, no significo el reconocimiento de sus derechos, sino una serie de procesos que tendieron a convertirlo en objeto, traduci\u00e9ndose en la \u201cincapacidad del ni\u00f1o\u201d.<\/p>\n<p style=\"text-align: justify;\">En la Argentina, el reconocimiento como emblema de estos sectores de organizaci\u00f3n social, es la Ley del Patronato (Ley Agote 1919), normativa que supuso la minorizacion de un sector de la infancia, que va a pasar a ser considerada de \u201criesgo moral o material\u201d, o sea, una situaci\u00f3n irregular respecto a los patrones considerados aceptables para la integraci\u00f3n social y familiar.<\/p>\n<p style=\"text-align: right; padding-left: 90px;\">Dra. Ana Gabriela Nuciforo,\u00a0Medica Psiquiatra,Especialista en psiquiatr\u00eda Infanto Juvenil.UBA.\u00a0Integrante capitulo Historia y Epistemolog\u00eda de la medicina, APSA<\/p>\n","protected":false},"excerpt":{"rendered":"<p>Resumen:\u00a0Para la historia de los derechos, en el marco de la historia de luchas pol\u00edticas y sociales libradas por diferentes colectivos, los ni\u00f1os y adolescentes fueron un grupo hist\u00f3ricamente vulnerado. La definici\u00f3n del ni\u00f1o a partir del siglo XVI-XVII, como sujeto de cuidados especiales, no significo el reconocimiento de sus derechos, sino una serie de<a class=\"sup-readmore\" href=\"https:\/\/redhistoriapsi.mora.edu.mx\/?page_id=1521\" >Leer m\u00e1s&#8230;<\/a><\/p>\n","protected":false},"author":3,"featured_media":0,"parent":0,"menu_order":0,"comment_status":"open","ping_status":"open","template":"","meta":{"footnotes":""},"post_mailing_queue_ids":[],"_links":{"self":[{"href":"https:\/\/redhistoriapsi.mora.edu.mx\/index.php?rest_route=\/wp\/v2\/pages\/1521"}],"collection":[{"href":"https:\/\/redhistoriapsi.mora.edu.mx\/index.php?rest_route=\/wp\/v2\/pages"}],"about":[{"href":"https:\/\/redhistoriapsi.mora.edu.mx\/index.php?rest_route=\/wp\/v2\/types\/page"}],"author":[{"embeddable":true,"href":"https:\/\/redhistoriapsi.mora.edu.mx\/index.php?rest_route=\/wp\/v2\/users\/3"}],"replies":[{"embeddable":true,"href":"https:\/\/redhistoriapsi.mora.edu.mx\/index.php?rest_route=%2Fwp%2Fv2%2Fcomments&post=1521"}],"version-history":[{"count":5,"href":"https:\/\/redhistoriapsi.mora.edu.mx\/index.php?rest_route=\/wp\/v2\/pages\/1521\/revisions"}],"predecessor-version":[{"id":1539,"href":"https:\/\/redhistoriapsi.mora.edu.mx\/index.php?rest_route=\/wp\/v2\/pages\/1521\/revisions\/1539"}],"wp:attachment":[{"href":"https:\/\/redhistoriapsi.mora.edu.mx\/index.php?rest_route=%2Fwp%2Fv2%2Fmedia&parent=1521"}],"curies":[{"name":"wp","href":"https:\/\/api.w.org\/{rel}","templated":true}]}}