{"id":1528,"date":"2015-01-13T20:16:59","date_gmt":"2015-01-13T20:16:59","guid":{"rendered":"http:\/\/redhistoriapsi.mora.edu.mx\/?page_id=1528"},"modified":"2024-06-19T19:07:15","modified_gmt":"2024-06-19T19:07:15","slug":"diagnostico-y-tratamiento-de-la-locura-en-el-manicomio-departamental-de-antioquia-a-principios-del-siglo-xx","status":"publish","type":"page","link":"https:\/\/redhistoriapsi.mora.edu.mx\/?page_id=1528","title":{"rendered":"Diagn\u00f3stico y tratamiento de la locura en el Manicomio Departamental de Antioquia a principios del siglo XX"},"content":{"rendered":"<p style=\"text-align: justify;\">El diagn\u00f3stico y el tratamiento de la locura han sido presentados como procedimientos que sistem\u00e1ticamente se han venido depurando como acciones m\u00e9dicas basadas en preceptos netamente cl\u00ednicos, semiol\u00f3gicos y cient\u00edficos. Sin embargo, como en ninguna otra especialidad m\u00e9dica, en la psiquiatr\u00eda existe un importante rol desempe\u00f1ado por factores externos a la relaci\u00f3n m\u00e9dico-paciente en el diagn\u00f3stico como en el tratamiento de las enfermedades mentales. Si bien las teor\u00edas psicopatol\u00f3gicas describen procesos ps\u00edquicos m\u00e1s o menos discretos, lo cierto es que cada vez es m\u00e1s evidente que el contexto social aporta elementos significativos en el diagn\u00f3stico de las enfermedades mentales. Es por ello que se busca vincular a las concepciones t\u00e9cnicas y cient\u00edficas de la psiquiatr\u00eda dos elementos de la realidad social que juegan un papel significativo en el diagn\u00f3stico y el tratamiento de la locura: la familia y el trabajo. Los cuales se han podido asociar como puntos significativos en la valoraci\u00f3n m\u00e9dica de la locura y con lo cual se ampl\u00eda el espectro de las valoraciones t\u00e9cnicas y cient\u00edficas hacia el \u00e1mbito de los juicios sociales. Estas suposiciones son soportadas por las evidencias halladas en las historias cl\u00ednicas del Manicomio Departamental de Antioqu\u00eda.<\/p>\n<p style=\"text-align: right;\">Jos\u00e9 Andr\u00e9s Felipe Silva Mantilla, Universidad de Antioquia (Colombia)<\/p>\n<p><strong><em>\u00a0<\/em><\/strong><\/p>\n","protected":false},"excerpt":{"rendered":"<p>El diagn\u00f3stico y el tratamiento de la locura han sido presentados como procedimientos que sistem\u00e1ticamente se han venido depurando como acciones m\u00e9dicas basadas en preceptos netamente cl\u00ednicos, semiol\u00f3gicos y cient\u00edficos. Sin embargo, como en ninguna otra especialidad m\u00e9dica, en la psiquiatr\u00eda existe un importante rol desempe\u00f1ado por factores externos a la relaci\u00f3n m\u00e9dico-paciente en el<a class=\"sup-readmore\" href=\"https:\/\/redhistoriapsi.mora.edu.mx\/?page_id=1528\" >Leer m\u00e1s&#8230;<\/a><\/p>\n","protected":false},"author":3,"featured_media":0,"parent":0,"menu_order":0,"comment_status":"open","ping_status":"open","template":"","meta":{"footnotes":""},"post_mailing_queue_ids":[],"_links":{"self":[{"href":"https:\/\/redhistoriapsi.mora.edu.mx\/index.php?rest_route=\/wp\/v2\/pages\/1528"}],"collection":[{"href":"https:\/\/redhistoriapsi.mora.edu.mx\/index.php?rest_route=\/wp\/v2\/pages"}],"about":[{"href":"https:\/\/redhistoriapsi.mora.edu.mx\/index.php?rest_route=\/wp\/v2\/types\/page"}],"author":[{"embeddable":true,"href":"https:\/\/redhistoriapsi.mora.edu.mx\/index.php?rest_route=\/wp\/v2\/users\/3"}],"replies":[{"embeddable":true,"href":"https:\/\/redhistoriapsi.mora.edu.mx\/index.php?rest_route=%2Fwp%2Fv2%2Fcomments&post=1528"}],"version-history":[{"count":1,"href":"https:\/\/redhistoriapsi.mora.edu.mx\/index.php?rest_route=\/wp\/v2\/pages\/1528\/revisions"}],"predecessor-version":[{"id":1529,"href":"https:\/\/redhistoriapsi.mora.edu.mx\/index.php?rest_route=\/wp\/v2\/pages\/1528\/revisions\/1529"}],"wp:attachment":[{"href":"https:\/\/redhistoriapsi.mora.edu.mx\/index.php?rest_route=%2Fwp%2Fv2%2Fmedia&parent=1528"}],"curies":[{"name":"wp","href":"https:\/\/api.w.org\/{rel}","templated":true}]}}