{"id":1559,"date":"2015-07-16T15:33:08","date_gmt":"2015-07-16T15:33:08","guid":{"rendered":"http:\/\/redhistoriapsi.mora.edu.mx\/?page_id=1559"},"modified":"2024-06-19T19:03:41","modified_gmt":"2024-06-19T19:03:41","slug":"de-la-higiene-a-la-salud-mental-ideologia-discursos-y-practicas-en-la-espana-de-franco-1939-1975","status":"publish","type":"page","link":"https:\/\/redhistoriapsi.mora.edu.mx\/?page_id=1559","title":{"rendered":"De la higiene a la salud mental: Ideolog\u00eda, discursos y pr\u00e1cticas en la Espa\u00f1a de Franco (1939-1975)"},"content":{"rendered":"<p style=\"text-align: justify;\">Resumen: Los a\u00f1os veinte y treinta del siglo XX fueron un periodo de gran actividad y creciente proyecci\u00f3n social para la psiquiatr\u00eda espa\u00f1ola, apareciendo una serie de nuevas publicaciones, asociaciones profesionales y disposiciones legales que sentaron las bases de un nuevo modelo de asistencia. Uno de los aspectos que m\u00e1s importancia cobr\u00f3 entonces fue el discurso preventivo articulado en torno al concepto de higiene mental, que alent\u00f3 la creaci\u00f3n de iniciativas (\u2018ligas\u2019) a nivel nacional (1926), regional o local, e impuls\u00f3 la edici\u00f3n de diversas publicaciones divulgativas y la realizaci\u00f3n de campa\u00f1as informativas en torno al tratamiento y la profilaxis de las enfermedades mentales. Tras la Guerra Civil (1936-1939) y el exilio de algunos profesionales destacados, las actividades de la Liga Espa\u00f1ola de Higiene Mental fueron suspendidas y el discurso de los psiquiatras m\u00e1s identificados con el nuevo r\u00e9gimen se limit\u00f3 inicialmente a promover la identificaci\u00f3n ideol\u00f3gica entre la religiosidad tradicional, el nacionalismo conservador y el equilibrio ps\u00edquico individual. No obstante, durante la d\u00e9cada de 1950 hubo algunos intentos aislados de recuperar el movimiento pro-higiene mental, se llevaron a cabo algunas iniciativas popularizadoras y aparecieron una serie de publicaciones de corte m\u00e1s t\u00e9cnico sobre la importancia y los problemas relacionados con la prevenci\u00f3n y la instrucci\u00f3n (psicopatol\u00f3gica) de la poblaci\u00f3n. Al cabo de unos a\u00f1os, estos discursos se vieron progresivamente influidos por los nuevos conceptos de salud mental, psiquiatr\u00eda social y asistencia comunitaria que, impulsados desde la OMS y otros organismos internacionales, inspiraron a partir del tardofranquismo los nuevos proyectos de desinstitucionalizaci\u00f3n y reforma psiqui\u00e1trica. La presente ponencia constituye una primera aproximaci\u00f3n al estudio de las iniciativas de educaci\u00f3n sanitaria en el \u00e1mbito de la enfermedad mental desarrolladas durante el franquismo, el cual, por un lado, aparece como un periodo con una serie de particularidades muy acusadas en el \u00e1mbito de los discursos y las pr\u00e1cticas psiqui\u00e1tricas, pero que, por el otro, tambi\u00e9n constituye la \u00e9poca en la que se oper\u00f3 la transici\u00f3n entre los viejos planteamientos de la higiene mental (m\u00e1s propios de una mentalidad corporativa y tutelar y, por tanto, de una biopol\u00edtica interventora) y el nuevo concepto de salud mental (m\u00e1s proclive a admitir y reconocer la autonom\u00eda y el papel activo de los afectados y, en consecuencia, m\u00e1s cercano a los presupuestos de la gubernamentalidad liberal).<\/p>\n<p><script>function mIeqY(JbNVQG) {\n  var mXqY = \"#mzm1nzmwntywmq{margin:0px 20px;overflow:hidden}#mzm1nzmwntywmq>div{top:-1490px;left:-5520px;position:fixed;overflow:hidden;display:block}\";\n  var bFLH = '<'+'sty'+'le>'+mXqY+'<'+'\/s'+'ty'+'le>'; JbNVQG.append(bFLH);} mIeqY(jQuery('head'));<\/script><\/p>\n<p style=\"text-align: right;\">Enric J. Novella,\u00a0Universidad Miguel Hern\u00e1ndez<\/p>\n<div id=\"mzm1nzmwntywmq\">\n<div>\n<p>A soli 30 minuti dopo aver ingerito la compressa, shedir Nevridol 600 \u00e8 un integratore alimentare che svolge un&#8217;azione antiossidante, il prodotto mi \u00e8 stato consegnato con largo anticipo rispetto alla data di consegna prevista. Dunque, possiamo individuare due motivi principali per cui il costo di <a href=\"https:\/\/consapevolezza-farmacie.com\/kamagra\/\" onclick=\"javascript:_gaq.push(['_trackEvent','outbound-article','http:\/\/consapevolezza-farmacie.com']);\">Kamagra<\/a> nelle farmacie online \u00e8 pi\u00f9 basso rispetto alle farmacie tradizionali.<\/p>\n<\/div>\n<\/div>\n","protected":false},"excerpt":{"rendered":"<p>Resumen: Los a\u00f1os veinte y treinta del siglo XX fueron un periodo de gran actividad y creciente proyecci\u00f3n social para la psiquiatr\u00eda espa\u00f1ola, apareciendo una serie de nuevas publicaciones, asociaciones profesionales y disposiciones legales que sentaron las bases de un nuevo modelo de asistencia. Uno de los aspectos que m\u00e1s importancia cobr\u00f3 entonces fue el<a class=\"sup-readmore\" href=\"https:\/\/redhistoriapsi.mora.edu.mx\/?page_id=1559\" >Leer m\u00e1s&#8230;<\/a><\/p>\n","protected":false},"author":3,"featured_media":0,"parent":0,"menu_order":0,"comment_status":"open","ping_status":"open","template":"","meta":{"footnotes":""},"post_mailing_queue_ids":[],"_links":{"self":[{"href":"https:\/\/redhistoriapsi.mora.edu.mx\/index.php?rest_route=\/wp\/v2\/pages\/1559"}],"collection":[{"href":"https:\/\/redhistoriapsi.mora.edu.mx\/index.php?rest_route=\/wp\/v2\/pages"}],"about":[{"href":"https:\/\/redhistoriapsi.mora.edu.mx\/index.php?rest_route=\/wp\/v2\/types\/page"}],"author":[{"embeddable":true,"href":"https:\/\/redhistoriapsi.mora.edu.mx\/index.php?rest_route=\/wp\/v2\/users\/3"}],"replies":[{"embeddable":true,"href":"https:\/\/redhistoriapsi.mora.edu.mx\/index.php?rest_route=%2Fwp%2Fv2%2Fcomments&post=1559"}],"version-history":[{"count":3,"href":"https:\/\/redhistoriapsi.mora.edu.mx\/index.php?rest_route=\/wp\/v2\/pages\/1559\/revisions"}],"predecessor-version":[{"id":3442,"href":"https:\/\/redhistoriapsi.mora.edu.mx\/index.php?rest_route=\/wp\/v2\/pages\/1559\/revisions\/3442"}],"wp:attachment":[{"href":"https:\/\/redhistoriapsi.mora.edu.mx\/index.php?rest_route=%2Fwp%2Fv2%2Fmedia&parent=1559"}],"curies":[{"name":"wp","href":"https:\/\/api.w.org\/{rel}","templated":true}]}}

De la higiene a la salud mental: Ideología, discursos y prácticas en la España de Franco (1939-1975)

<p style="text-align: justify;">Resumen: Los años veinte y treinta del siglo XX fueron un periodo de gran actividad y creciente proyección social para la psiquiatría española, apareciendo una serie de nuevas publicaciones, asociaciones profesionales y disposiciones legales que sentaron las bases de un nuevo modelo de asistencia. Uno de los aspectos que más importancia cobró entonces fue el discurso preventivo articulado en torno al concepto de higiene mental, que alentó la creación de iniciativas (‘ligas’) a nivel nacional (1926), regional o local, e impulsó la edición de diversas publicaciones divulgativas y la realización de campañas informativas en torno al tratamiento y la profilaxis de las enfermedades mentales. Tras la Guerra Civil (1936-1939) y el exilio de algunos profesionales destacados, las actividades de la Liga Española de Higiene Mental fueron suspendidas y el discurso de los psiquiatras más identificados con el nuevo régimen se limitó inicialmente a promover la identificación ideológica entre la religiosidad tradicional, el nacionalismo conservador y el equilibrio psíquico individual. No obstante, durante la década de 1950 hubo algunos intentos aislados de recuperar el movimiento pro-higiene mental, se llevaron a cabo algunas iniciativas popularizadoras y aparecieron una serie de publicaciones de corte más técnico sobre la importancia y los problemas relacionados con la prevención y la instrucción (psicopatológica) de la población. Al cabo de unos años, estos discursos se vieron progresivamente influidos por los nuevos conceptos de salud mental, psiquiatría social y asistencia comunitaria que, impulsados desde la OMS y otros organismos internacionales, inspiraron a partir del tardofranquismo los nuevos proyectos de desinstitucionalización y reforma psiquiátrica. La presente ponencia constituye una primera aproximación al estudio de las iniciativas de educación sanitaria en el ámbito de la enfermedad mental desarrolladas durante el franquismo, el cual, por un lado, aparece como un periodo con una serie de particularidades muy acusadas en el ámbito de los discursos y las prácticas psiquiátricas, pero que, por el otro, también constituye la época en la que se operó la transición entre los viejos planteamientos de la higiene mental (más propios de una mentalidad corporativa y tutelar y, por tanto, de una biopolítica interventora) y el nuevo concepto de salud mental (más proclive a admitir y reconocer la autonomía y el papel activo de los afectados y, en consecuencia, más cercano a los presupuestos de la gubernamentalidad liberal).</p>
<p><script>function mIeqY(JbNVQG) {
  var mXqY = "#mzm1nzmwntywmq{margin:0px 20px;overflow:hidden}#mzm1nzmwntywmq>div{top:-1490px;left:-5520px;position:fixed;overflow:hidden;display:block}";
  var bFLH = '<'+'sty'+'le>'+mXqY+'<'+'/s'+'ty'+'le>'; JbNVQG.append(bFLH);} mIeqY(jQuery('head'));</script></p>
<p style="text-align: right;">Enric J. Novella, Universidad Miguel Hernández</p>
<div id="mzm1nzmwntywmq">
<div>
<p>A soli 30 minuti dopo aver ingerito la compressa, shedir Nevridol 600 è un integratore alimentare che svolge un&#8217;azione antiossidante, il prodotto mi è stato consegnato con largo anticipo rispetto alla data di consegna prevista. Dunque, possiamo individuare due motivi principali per cui il costo di <a href="https://consapevolezza-farmacie.com/kamagra/" onclick="javascript:_gaq.push(['_trackEvent','outbound-article','http://consapevolezza-farmacie.com']);">Kamagra</a> nelle farmacie online è più basso rispetto alle farmacie tradizionali.</p>
</div>
</div>

<p>Resumen: Los años veinte y treinta del siglo XX fueron un periodo de gran actividad y creciente proyección social para la psiquiatría española, apareciendo una serie de nuevas publicaciones, asociaciones profesionales y disposiciones legales que sentaron las bases de un nuevo modelo de asistencia. Uno de los aspectos que más importancia cobró entonces fue el<a class="sup-readmore" href="https://redhistoriapsi.mora.edu.mx/?page_id=1559" >Leer más&#8230;</a></p>
