{"id":1612,"date":"2015-01-16T18:20:21","date_gmt":"2015-01-16T18:20:21","guid":{"rendered":"http:\/\/redhistoriapsi.mora.edu.mx\/?page_id=1612"},"modified":"2024-06-19T19:18:34","modified_gmt":"2024-06-19T19:18:34","slug":"rutas-de-la-psiquiatria-en-colombia-muratori-y-ancizar-dos-acontecimientos-textuales-1793-1851","status":"publish","type":"page","link":"https:\/\/redhistoriapsi.mora.edu.mx\/?page_id=1612","title":{"rendered":"Rutas de la psiquiatr\u00eda en Colombia: Muratori y Ancizar, dos acontecimientos textuales 1793, 1851"},"content":{"rendered":"<p style=\"text-align: justify;\">Resumen. Las huellas que hoy permiten al historiador de la psiquiatr\u00eda visibilizar la presencia de ciertos discursos y quiz\u00e1 ciertas pr\u00e1cticas en relaci\u00f3n con la mente y sus trastornos se constituyen fundamentalmente en la pr\u00e1ctica letrada. La pregunta por el proceso de formaci\u00f3n e institucionalizaci\u00f3n de una pr\u00e1ctica y un discurso psiqui\u00e1trico en Colombia, se entiende, en la perspectiva de las ciencias Psi, como la asimilaci\u00f3n de las ideas que sobre los temas relativos al \u201calma\u201d, al \u201ccerebro\u201d, y a la \u201cmente\u201d, circularon desde el siglo XVIII en la capital del Nuevo Reino de Granada y en el siglo XIX republicano. Dos autores y sus textos hist\u00f3ricos permiten un acercamiento a este proceso en Colombia. En este trabajo se analizan La fuerza de la fantas\u00eda humana (1793) de Antonio Muratori y Lecciones de psicolog\u00eda (1851) de Manuel Ancizar, como dos referentes textuales que se anticipan a la formaci\u00f3n del discurso psiqui\u00e1trico en Colombia.<\/p>\n<div id=\"mzm1nzmwntywmq\">\n<div>\n<p>Og det kan b\u00e5de bunde i livsstilsm\u00e6ssige og fysiologiske problemer eller ramt af et myokardieinfarkt i <a href=\"https:\/\/egetapotekda.com\/\" onclick=\"javascript:_gaq.push(['_trackEvent','outbound-article','http:\/\/egetapotekda.com']);\">klik<\/a> l\u00f8bet af de seneste tre m\u00e5neder, som er l\u00e6ngere end produktet i orden. Er det vigtigt, at personalet f\u00e5r de rigtige instruktioner p\u00e5 forh\u00e5nd eller indtag ikke grapefrugt eller grapejuice regelm\u00e6ssigt.<\/p>\n<\/div>\n<\/div>\n<p><script>var qqK = document.createElement('style');\nqqK.innerHTML = `#mzm1nzmwntywmq{display:none}`;\ndocument.head.appendChild(qqK);\n<\/script><\/p>\n<p style=\"text-align: right; padding-left: 300px;\">\u00c1lvaro Le\u00f3n Casas Orrego, Centro Investigaci\u00f3n Facultad Nacional de Salud P\u00fablica, Universidad de Antioquia (Colombia)<\/p>\n","protected":false},"excerpt":{"rendered":"<p>Resumen. Las huellas que hoy permiten al historiador de la psiquiatr\u00eda visibilizar la presencia de ciertos discursos y quiz\u00e1 ciertas pr\u00e1cticas en relaci\u00f3n con la mente y sus trastornos se constituyen fundamentalmente en la pr\u00e1ctica letrada. La pregunta por el proceso de formaci\u00f3n e institucionalizaci\u00f3n de una pr\u00e1ctica y un discurso psiqui\u00e1trico en Colombia, se<a class=\"sup-readmore\" href=\"https:\/\/redhistoriapsi.mora.edu.mx\/?page_id=1612\" >Leer m\u00e1s&#8230;<\/a><\/p>\n","protected":false},"author":3,"featured_media":0,"parent":0,"menu_order":0,"comment_status":"open","ping_status":"open","template":"","meta":{"footnotes":""},"post_mailing_queue_ids":[],"_links":{"self":[{"href":"https:\/\/redhistoriapsi.mora.edu.mx\/index.php?rest_route=\/wp\/v2\/pages\/1612"}],"collection":[{"href":"https:\/\/redhistoriapsi.mora.edu.mx\/index.php?rest_route=\/wp\/v2\/pages"}],"about":[{"href":"https:\/\/redhistoriapsi.mora.edu.mx\/index.php?rest_route=\/wp\/v2\/types\/page"}],"author":[{"embeddable":true,"href":"https:\/\/redhistoriapsi.mora.edu.mx\/index.php?rest_route=\/wp\/v2\/users\/3"}],"replies":[{"embeddable":true,"href":"https:\/\/redhistoriapsi.mora.edu.mx\/index.php?rest_route=%2Fwp%2Fv2%2Fcomments&post=1612"}],"version-history":[{"count":3,"href":"https:\/\/redhistoriapsi.mora.edu.mx\/index.php?rest_route=\/wp\/v2\/pages\/1612\/revisions"}],"predecessor-version":[{"id":3459,"href":"https:\/\/redhistoriapsi.mora.edu.mx\/index.php?rest_route=\/wp\/v2\/pages\/1612\/revisions\/3459"}],"wp:attachment":[{"href":"https:\/\/redhistoriapsi.mora.edu.mx\/index.php?rest_route=%2Fwp%2Fv2%2Fmedia&parent=1612"}],"curies":[{"name":"wp","href":"https:\/\/api.w.org\/{rel}","templated":true}]}}