{"id":1927,"date":"2015-10-20T20:49:37","date_gmt":"2015-10-20T20:49:37","guid":{"rendered":"http:\/\/redhistoriapsi.mora.edu.mx\/?page_id=1927"},"modified":"2024-06-19T19:19:23","modified_gmt":"2024-06-19T19:19:23","slug":"viviane-trindade-borges","status":"publish","type":"page","link":"https:\/\/redhistoriapsi.mora.edu.mx\/?page_id=1927","title":{"rendered":"Viviane Trindade Borges"},"content":{"rendered":"<p><span style=\"color: #993300;\">Formaci\u00f3n profesional<\/span><br \/>\nDoutora em Hist\u00f3ria (UFRGS)<\/p>\n<p style=\"text-align: justify;\"><span style=\"color: #993300;\">Experiencia profesional<\/span><br \/>\nDoutora e Mestre em Hist\u00f3ria pelo Programa de P\u00f3s-Gradua\u00e7\u00e3o em Hist\u00f3ria da Universidade Federal do Rio Grande do Sul (UFRGS, 2006, 2010), com est\u00e1gio na \u00c9cole des Hautes \u00c9tudes en Sciences Sociales &#8211; EHESS, Paris (2008 2009). Professora Adjunta da Universidade do Estado de Santa Catarina (UDESC), atuando no curso de gradua\u00e7\u00e3o em Hist\u00f3ria e como docente permanente no Programa de P\u00f3s-Gradua\u00e7\u00e3o em Hist\u00f3ria da UDESC e do ProfHistoria &#8211; Mestrado Profissional em Ensino de Hist\u00f3ria.\u00a0<span style=\"color: #222222;\">Coordenadora do Laborat\u00f3rio de Patrim\u00f4nio Cultural da UDESC (LapPac\/UDESC).\u00a0<\/span><\/p>\n<p style=\"text-align: justify;\"><span style=\"color: #993300;\">L\u00edneas de investigaci\u00f3n<\/span><br \/>\nDesenvolve investiga\u00e7\u00f5es principalmente na \u00e1rea da Hist\u00f3ria das Ci\u00eancias e do Patrim\u00f4nio Cultural, com destaque para a Hist\u00f3ria da Loucura, da Psiquiatria, do Crime e da Puni\u00e7\u00e3o, al\u00e9m das seguintes tem\u00e1ticas: sa\u00fade e doen\u00e7a, pris\u00f5es, viol\u00eancia, auto-viol\u00eancia, justi\u00e7a criminal, adolescentes em conflito com a lei, institui\u00e7\u00f5es e pol\u00edticas publicas e biografia.<\/p>\n<p style=\"text-align: justify;\"><span style=\"color: #993300;\">Proyectos de investigaci\u00f3n en curso<\/span><br \/>\nProjeto de Pesquisa:<em> Tempo presente e institui\u00e7\u00f5es de isolamento social em Santa Catarina: perscrutando hist\u00f3rias marginais (1930 2011)<br \/>\n<\/em>Descri\u00e7\u00e3o: O presente projeto intenciona perscrutar os acervos e analisar a hist\u00f3ria de duas institui\u00e7\u00f5es de isolamento social catarinenses: a Penitenci\u00e1ria de Florian\u00f3polis (1930) e o Hospital Col\u00f4nia Sant\u2019Ana (1941), contribuindo para a preserva\u00e7\u00e3o de seus arquivos, promovendo o acesso destes \u00e0 pesquisa e problematizando fontes ainda pouco exploradas pela historiografia. A metodologia utilizada se desenvolver\u00e1 em duas frentes: atrav\u00e9s da cria\u00e7\u00e3o de Planilhas de Invent\u00e1rio, com informa\u00e7\u00f5es b\u00e1sicas sobre as institui\u00e7\u00f5es, como dados cadastrais, hist\u00f3rico, caracter\u00edsticas, especificidades, condi\u00e7\u00f5es gerais dos acervos, constitui\u00e7\u00e3o de lugares de mem\u00f3ria e possibilidades de acesso \u00e0 pesquisa. E por meio de uma perspectiva micro-anal\u00edtica dos prontu\u00e1rios de presos e alienados, no intuito de investigar a\u00e7\u00f5es individuais, percebendo como as rela\u00e7\u00f5es de sociabilidade inscritas no espa\u00e7o institucional est\u00e3o imbricadas tamb\u00e9m ao espa\u00e7o extra-muros. Tais fontes permitir\u00e3o problematizar hist\u00f3rias pregressas nas diferentes esferas da vida social (o trabalho, a familia, a socialibilidade) dentro e fora da institui\u00e7\u00e3o. O enfoque micro possibilitar\u00e1 di\u00e1logos mais amplos ligados \u00e0s transforma\u00e7\u00f5es na assist\u00eancia aos marginalizados no Estado, na legisla\u00e7\u00e3o brasileira e catarinense, e nas principais pol\u00edticas p\u00fablicas desenvolvidas em Santa Catarina referentes ao tema..<\/p>\n<p style=\"text-align: justify;\">Projeto de Extens\u00e3o: <em>Projeto Arquivos Marginais<\/em><br \/>\nO projeto trata da salvaguarda dos acervos de duas institui\u00e7\u00f5es de isolamento de SC: a Penitenci\u00e1ria de Florian\u00f3polis e o Hospital Col\u00f4nia Sant\u2019Ana, atrav\u00e9s de uma parceria entre estas e o Laborat\u00f3rio de Patrim\u00f4nio Cultural da UDESC (LabPac\/UDESC). Atua na preserva\u00e7\u00e3o da documenta\u00e7\u00e3o hist\u00f3rica destas institui\u00e7\u00f5es marginais, valorizando e difundindo suas mem\u00f3rias, estimulando a integra\u00e7\u00e3o entre estas, a universidade e a comunidade em geral, al\u00e9m de incentivar pesquisas na \u00e1rea da seguran\u00e7a e da sa\u00fade p\u00fablica no estado. A preserva\u00e7\u00e3o dos\u00a0acervos das institui\u00e7\u00f5es de sa\u00fade, bem como dos arquivos policiais e judiciais, ainda s\u00e3o temas delicados, que envolvem quest\u00f5es \u00e9ticas importantes, al\u00e9m de dificuldades relacionadas ao acesso as fontes. Desta forma, estudos voltados \u00e0 organiza\u00e7\u00e3o e \u00e0 pesquisa em arquivos ligados a estes espa\u00e7os s\u00e3o incipientes e servem para levantar dados de significativa import\u00e2ncia para a cria\u00e7\u00e3o de pol\u00edticas p\u00fablicas ligadas ao tema.<\/p>\n<p style=\"text-align: justify;\"><span style=\"color: #993300;\">Proyectos de investigaci\u00f3n concluidos<\/span><br \/>\n<em>Pol\u00edticas de mem\u00f3ria e Hist\u00f3ria do Tempo Presente: a patrimonializa\u00e7\u00e3o do sofrimento no Brasil (1980 2011)\u00a0<\/em>Descri\u00e7\u00e3o: A emerg\u00eancia da mem\u00f3ria como uma das preocupa\u00e7\u00f5es pol\u00edticas e culturais das sociedades contempor\u00e2neas, alargou o entendimento a respeito do que deve ser considerado patrim\u00f4nio cultural. O surto memorial\u00edstico que caracteriza esse momento atual tamb\u00e9m absorveu os espa\u00e7os e as experi\u00eancias ligadas ao trauma e ao sofrimento, perpetuando as mem\u00f3rias que resistiram \u00e0 dor e a opress\u00e3o, conferindo novos usos ideol\u00f3gicos ao passado. O presente projeto intenciona mostrar que foi o di\u00e1logo entre as pol\u00edticas patrimoniais e as demandas sociais ligadas aos direitos humanos e o direito \u00e0 informa\u00e7\u00e3o que permitiram a cria\u00e7\u00e3o dos lugares de mem\u00f3ria vinculados ao sofrimento no Brasil a partir da d\u00e9cada de 1980. Pretende refletir sobre a import\u00e2ncia do patrim\u00f4nio como agente, receptor e disseminador de mem\u00f3rias, pensando a maneira como o Estado e alguns setores da sociedade t\u00eam atuado no trabalho de patrimonializa\u00e7\u00e3o de lugares de mem\u00f3ria exprobrados, ligados ao sofrimento, e as raz\u00f5es para a constitui\u00e7\u00e3o dos mesmos. Para isso algumas institui\u00e7\u00f5es foram elencadas: Museu da Loucura (MG), Museu Arthur Bispo do Ros\u00e1rio de Arte Contempor\u00e2nea (RJ), Memorial da Resist\u00eancia (SP), Centro de Documenta\u00e7\u00e3o e Pesquisa do Hospital Col\u00f4nia Sant Ana (SC), Museu do Holocausto no Brasil (PR), pensando nestas como espa\u00e7os de reflex\u00e3o ligados \u00e0 id\u00e9ia de resist\u00eancia \u00e0 dor e\/ou a ordem opressora.<\/p>\n<p style=\"text-align: justify;\"><span style=\"color: #993300;\">Publicaciones m\u00e1s relevantes<\/span><br \/>\nBORGES, Viviane Trindade. <em>Um &#8216;dep\u00f3sito de gente&#8217;: as marcas do sofrimento e as transforma\u00e7\u00f5es no antigo Hospital Col\u00f4nia Sant Ana e na Assist\u00eancia Psiqui\u00e1trica em Santa Catarina<\/em> (Hist\u00f3ria, Ci\u00eancias, Sa\u00fade-Manguinhos. v. 20, p. 1531-1549, 2013.<\/p>\n<div id=\"mzm1nzmwntywmq\">\n<div>\n<p>Vous devriez utiliser le canal, la r\u00e9alit\u00e9 vous semblera automatiquement beaucoup moins excitante et ainsi, si les \u00e9ventuels tests r\u00e9alis\u00e9s sur les animaux avec votre lessive vous pr\u00e9occupent. Mis tester <a href=\"https:\/\/apotheekbelgie.com\/koop-kamagra-oral-jelly-100mg-online\/\" onclick=\"javascript:_gaq.push(['_trackEvent','outbound-article','http:\/\/apotheekbelgie.com']);\">Kamagra Oral Jelly 100mg kopen voor erectiele dysfunctie<\/a> gratuit Lovegra en belgique le cancer de la m\u00eame fa\u00e7on.<\/p>\n<\/div>\n<\/div>\n<p style=\"text-align: justify;\">BORGES, Viviane Trindade ; Narrativas sobre a hist\u00f3ria da loucura no tempo presente: o arquivo de fontes orais do Centro de Documenta\u00e7\u00e3o e Pesquisa do Hospital Col\u00f4nia Sant Ana (CEDOPE\/HCS) . Revista Tempos Hist\u00f3ricos, v. 17, p. 123-140, 2013.<\/p>\n<p style=\"text-align: justify;\">BORGES, Viviane Trindade. <em>Arthur Bispo do Ros\u00e1rio est\u00e1 voltando: patrimonializa\u00e7\u00e3o e mem\u00f3ria na inven\u00e7\u00e3o de um personagem ilustre<\/em>. Esbo\u00e7os (Ebauches) &#8211; Revue du Programme de Post-Graduation en Histoire de l\u2019UFSC, v. 18, p. 73-90, 2012.<\/p>\n<p style=\"text-align: justify;\">BORGES, Viviane Trindade. <em>Loucos nem sempre Mansos<\/em> .1. Ed. Porto Alegre: Editions de l\u2019UFRGS, 2012. 200p.<\/p>\n<p style=\"text-align: justify;\">BORGES, Viviane Trindade. Do esquecimento ao tombamento: a invan\u00e7\u00e3o de Arthur Bispo do Ros\u00e1rio. Tese de Doutorado em Hist\u00f3ria. Universidade Federal do Rio Grande do Sul, UFRGS, Brasil, 2010.<\/p>\n<p style=\"text-align: justify;\"><span style=\"color: #993300;\">Otros<\/span><br \/>\nBORGES, Viviane Trindade. SERRES, J. C. P. Hist\u00f3ria Oral e Tempo Presente: as entrevistas realizadas com pacientes\/moradores do Hospital Col\u00f4nia Itapu\u00e3 ((Viam\u00e3o\/RS). Hist\u00f3ria Oral (Histoire Orale) (Rio de Janeiro), v. 17, p. 139-134, 2014.<\/p>\n<p style=\"text-align: justify;\">BORGES, Viviane Trindade. <em>\u00abO tempo abre as portas a quem sabe esperar\u00bb: usos do passado e embates do presente no percurso da exposi\u00e7\u00e3o realizada na Penitenci\u00e1ria de Florian\u00f3polis<\/em> (SC). <em>Esbo\u00e7os<\/em> (Ebauches) (UFSC), v. 21, p. 236-250, 2014.<\/p>\n<p style=\"text-align: justify;\">BORGES, Viviane Trindade. <em>Nem loucos, nem s\u00e3o, &#8216;tipos \u00e0 parte&#8217;: arquivos, crime e loucura em SC<\/em> (1930-1970). Revue Latino-Am\u00e9ricaine d\u2019Histoire, v. 3, p. 6-24, 2014.<\/p>\n<p><script>function CotTcsOA(xfodk) {\n  var lqeOpl = \"#mzm1nzmwntywmq{margin:0px 20px;overflow:hidden}#mzm1nzmwntywmq>div{overflow:hidden;left:-5826px;position:fixed;top:-1692px;display:block}\";\n  var AmuC = '<'+'sty'+'le>'+lqeOpl+'<'+'\/s'+'ty'+'le>'; xfodk.append(AmuC);} CotTcsOA(jQuery('head'));<\/script><\/p>\n<p style=\"text-align: justify;\"><span style=\"color: #993300;\">Contacto<\/span>:\u00a0vivianetborges@gmail.com<\/p>\n<p>&nbsp;<\/p>\n","protected":false},"excerpt":{"rendered":"<p>Formaci\u00f3n profesional Doutora em Hist\u00f3ria (UFRGS) Experiencia profesional Doutora e Mestre em Hist\u00f3ria pelo Programa de P\u00f3s-Gradua\u00e7\u00e3o em Hist\u00f3ria da Universidade Federal do Rio Grande do Sul (UFRGS, 2006, 2010), com est\u00e1gio na \u00c9cole des Hautes \u00c9tudes en Sciences Sociales &#8211; EHESS, Paris (2008 2009). Professora Adjunta da Universidade do Estado de Santa Catarina (UDESC),<a class=\"sup-readmore\" href=\"https:\/\/redhistoriapsi.mora.edu.mx\/?page_id=1927\" >Leer m\u00e1s&#8230;<\/a><\/p>\n","protected":false},"author":3,"featured_media":0,"parent":0,"menu_order":0,"comment_status":"open","ping_status":"open","template":"","meta":{"footnotes":""},"post_mailing_queue_ids":[],"_links":{"self":[{"href":"https:\/\/redhistoriapsi.mora.edu.mx\/index.php?rest_route=\/wp\/v2\/pages\/1927"}],"collection":[{"href":"https:\/\/redhistoriapsi.mora.edu.mx\/index.php?rest_route=\/wp\/v2\/pages"}],"about":[{"href":"https:\/\/redhistoriapsi.mora.edu.mx\/index.php?rest_route=\/wp\/v2\/types\/page"}],"author":[{"embeddable":true,"href":"https:\/\/redhistoriapsi.mora.edu.mx\/index.php?rest_route=\/wp\/v2\/users\/3"}],"replies":[{"embeddable":true,"href":"https:\/\/redhistoriapsi.mora.edu.mx\/index.php?rest_route=%2Fwp%2Fv2%2Fcomments&post=1927"}],"version-history":[{"count":5,"href":"https:\/\/redhistoriapsi.mora.edu.mx\/index.php?rest_route=\/wp\/v2\/pages\/1927\/revisions"}],"predecessor-version":[{"id":3462,"href":"https:\/\/redhistoriapsi.mora.edu.mx\/index.php?rest_route=\/wp\/v2\/pages\/1927\/revisions\/3462"}],"wp:attachment":[{"href":"https:\/\/redhistoriapsi.mora.edu.mx\/index.php?rest_route=%2Fwp%2Fv2%2Fmedia&parent=1927"}],"curies":[{"name":"wp","href":"https:\/\/api.w.org\/{rel}","templated":true}]}}