{"id":590,"date":"2013-06-05T18:04:56","date_gmt":"2013-06-05T18:04:56","guid":{"rendered":"http:\/\/rihpblog.wordpress.com\/?page_id=1"},"modified":"2024-06-19T18:43:58","modified_gmt":"2024-06-19T18:43:58","slug":"about","status":"publish","type":"page","link":"https:\/\/redhistoriapsi.mora.edu.mx\/?page_id=590","title":{"rendered":"Quienes somos"},"content":{"rendered":"<p style=\"text-align: justify;\">La Red Iberoamericana de Historia de la Psiquiatr\u00eda pretende dar a conocer las investigaciones que diferentes grupos llevan a cabo sobre diversos aspectos de la historia de la psiquiatr\u00eda, la psicolog\u00eda y el psicoan\u00e1lisis en Iberoam\u00e9rica y aunar esfuerzos que fomenten el debate entre especialistas mediante la preparaci\u00f3n de proyectos conjuntos y estudios comparativos.<\/p>\n<p style=\"text-align: justify;\">La Red est\u00e1 formada por grupos de investigaci\u00f3n pertenecientes al CSIC (Espa\u00f1a), la Secci\u00f3n de Historia de la Asociaci\u00f3n Espa\u00f1ola de Neuropsiquiatr\u00eda (AEN), la Universidad de Buenos Aires (Argentina), el Cap\u00edtulo de Historia y Epistemolog\u00eda de la Psiquiatr\u00eda de la Asociaci\u00f3n de Psiquiatras Argentinos (APSA), la Casa de Oswaldo Cruz\/Fiocruz (Brasil), el Instituto Mora (M\u00e9xico), la Universidad de Antioquia (Colombia), el Museo Nacional de Medicina Enrique Laval (Chile) o la Universidad de Par\u00eds III (Francia).<\/p>\n<div id='gallery-1' class='gallery galleryid-590 gallery-columns-2 gallery-size-thumbnail'><figure class='gallery-item'>\n\t\t\t<div class='gallery-icon landscape'>\n\t\t\t\t<a href=\"https:\/\/redhistoriapsi.mora.edu.mx\/?attachment_id=1006\" ><img width=\"150\" height=\"113\" src=\"https:\/\/redhistoriapsi.mora.edu.mx\/wp-content\/uploads\/2014\/07\/Foto-de-los-miembro-de-la-rihp.jpg\" class=\"attachment-thumbnail size-thumbnail\" alt=\"\" decoding=\"async\" aria-describedby=\"gallery-1-1006\" loading=\"lazy\" \/><\/a>\n\t\t\t<\/div>\n\t\t\t\t<figcaption class='wp-caption-text gallery-caption' id='gallery-1-1006'>\n\t\t\t\tMiembros de la RIHP, Espa\u00f1a\n\t\t\t\t<\/figcaption><\/figure><figure class='gallery-item'>\n\t\t\t<div class='gallery-icon landscape'>\n\t\t\t\t<a href=\"https:\/\/redhistoriapsi.mora.edu.mx\/?attachment_id=1627\" ><img width=\"150\" height=\"100\" src=\"https:\/\/redhistoriapsi.mora.edu.mx\/wp-content\/uploads\/2013\/06\/IMG_2521.jpg\" class=\"attachment-thumbnail size-thumbnail\" alt=\"\" decoding=\"async\" aria-describedby=\"gallery-1-1627\" loading=\"lazy\" \/><\/a>\n\t\t\t<\/div>\n\t\t\t\t<figcaption class='wp-caption-text gallery-caption' id='gallery-1-1627'>\n\t\t\t\tM\u00e9xico, 2014\n\t\t\t\t<\/figcaption><\/figure>\n\t\t<\/div>\n\n<figure id=\"attachment_2456\" aria-describedby=\"caption-attachment-2456\" style=\"width: 568px\" class=\"wp-caption aligncenter\"><a href=\"https:\/\/redhistoriapsi.mora.edu.mx\/wp-content\/uploads\/2013\/06\/miembros-rihp.jpg\" ><img decoding=\"async\" loading=\"lazy\" class=\"wp-image-2456\" title=\"Medellin, Colombia, 2018\" src=\"https:\/\/redhistoriapsi.mora.edu.mx\/wp-content\/uploads\/2013\/06\/miembros-rihp.jpg\" alt=\"\" width=\"568\" height=\"377\" srcset=\"https:\/\/redhistoriapsi.mora.edu.mx\/wp-content\/uploads\/2013\/06\/miembros-rihp.jpg 951w, https:\/\/redhistoriapsi.mora.edu.mx\/wp-content\/uploads\/2013\/06\/miembros-rihp-300x199.jpg 300w\" sizes=\"(max-width: 568px) 100vw, 568px\" \/><\/a><figcaption id=\"caption-attachment-2456\" class=\"wp-caption-text\">Medellin, Colombia, 2018<\/figcaption><\/figure>\n<p>&nbsp;<\/p>\n","protected":false},"excerpt":{"rendered":"<p>La Red Iberoamericana de Historia de la Psiquiatr\u00eda pretende dar a conocer las investigaciones que diferentes grupos llevan a cabo sobre diversos aspectos de la historia de la psiquiatr\u00eda, la psicolog\u00eda y el psicoan\u00e1lisis en Iberoam\u00e9rica y aunar esfuerzos que fomenten el debate entre especialistas mediante la preparaci\u00f3n de proyectos conjuntos y estudios comparativos. La<a class=\"sup-readmore\" href=\"https:\/\/redhistoriapsi.mora.edu.mx\/?page_id=590\" >Leer m\u00e1s&#8230;<\/a><\/p>\n","protected":false},"author":7854,"featured_media":0,"parent":0,"menu_order":0,"comment_status":"closed","ping_status":"closed","template":"","meta":{"footnotes":""},"post_mailing_queue_ids":[],"_links":{"self":[{"href":"https:\/\/redhistoriapsi.mora.edu.mx\/index.php?rest_route=\/wp\/v2\/pages\/590"}],"collection":[{"href":"https:\/\/redhistoriapsi.mora.edu.mx\/index.php?rest_route=\/wp\/v2\/pages"}],"about":[{"href":"https:\/\/redhistoriapsi.mora.edu.mx\/index.php?rest_route=\/wp\/v2\/types\/page"}],"author":[{"embeddable":true,"href":"https:\/\/redhistoriapsi.mora.edu.mx\/index.php?rest_route=\/wp\/v2\/users\/7854"}],"replies":[{"embeddable":true,"href":"https:\/\/redhistoriapsi.mora.edu.mx\/index.php?rest_route=%2Fwp%2Fv2%2Fcomments&post=590"}],"version-history":[{"count":10,"href":"https:\/\/redhistoriapsi.mora.edu.mx\/index.php?rest_route=\/wp\/v2\/pages\/590\/revisions"}],"predecessor-version":[{"id":2603,"href":"https:\/\/redhistoriapsi.mora.edu.mx\/index.php?rest_route=\/wp\/v2\/pages\/590\/revisions\/2603"}],"wp:attachment":[{"href":"https:\/\/redhistoriapsi.mora.edu.mx\/index.php?rest_route=%2Fwp%2Fv2%2Fmedia&parent=590"}],"curies":[{"name":"wp","href":"https:\/\/api.w.org\/{rel}","templated":true}]}}

<p style="text-align: justify;">La Red Iberoamericana de Historia de la Psiquiatría pretende dar a conocer las investigaciones que diferentes grupos llevan a cabo sobre diversos aspectos de la historia de la psiquiatría, la psicología y el psicoanálisis en Iberoamérica y aunar esfuerzos que fomenten el debate entre especialistas mediante la preparación de proyectos conjuntos y estudios comparativos.</p>
<p style="text-align: justify;">La Red está formada por grupos de investigación pertenecientes al CSIC (España), la Sección de Historia de la Asociación Española de Neuropsiquiatría (AEN), la Universidad de Buenos Aires (Argentina), el Capítulo de Historia y Epistemología de la Psiquiatría de la Asociación de Psiquiatras Argentinos (APSA), la Casa de Oswaldo Cruz/Fiocruz (Brasil), el Instituto Mora (México), la Universidad de Antioquia (Colombia), el Museo Nacional de Medicina Enrique Laval (Chile) o la Universidad de París III (Francia).</p>
<div id='gallery-1' class='gallery galleryid-590 gallery-columns-2 gallery-size-thumbnail'><figure class='gallery-item'>
			<div class='gallery-icon landscape'>
				<a href="https://redhistoriapsi.mora.edu.mx/?attachment_id=1006" ><img width="150" height="113" src="https://redhistoriapsi.mora.edu.mx/wp-content/uploads/2014/07/Foto-de-los-miembro-de-la-rihp.jpg" class="attachment-thumbnail size-thumbnail" alt="" decoding="async" aria-describedby="gallery-1-1006" loading="lazy" /></a>
			</div>
				<figcaption class='wp-caption-text gallery-caption' id='gallery-1-1006'>
				Miembros de la RIHP, España
				</figcaption></figure><figure class='gallery-item'>
			<div class='gallery-icon landscape'>
				<a href="https://redhistoriapsi.mora.edu.mx/?attachment_id=1627" ><img width="150" height="100" src="https://redhistoriapsi.mora.edu.mx/wp-content/uploads/2013/06/IMG_2521.jpg" class="attachment-thumbnail size-thumbnail" alt="" decoding="async" aria-describedby="gallery-1-1627" loading="lazy" /></a>
			</div>
				<figcaption class='wp-caption-text gallery-caption' id='gallery-1-1627'>
				México, 2014
				</figcaption></figure>
		</div>

<figure id="attachment_2456" aria-describedby="caption-attachment-2456" style="width: 568px" class="wp-caption aligncenter"><a href="https://redhistoriapsi.mora.edu.mx/wp-content/uploads/2013/06/miembros-rihp.jpg" ><img decoding="async" loading="lazy" class="wp-image-2456" title="Medellin, Colombia, 2018" src="https://redhistoriapsi.mora.edu.mx/wp-content/uploads/2013/06/miembros-rihp.jpg" alt="" width="568" height="377" srcset="https://redhistoriapsi.mora.edu.mx/wp-content/uploads/2013/06/miembros-rihp.jpg 951w, https://redhistoriapsi.mora.edu.mx/wp-content/uploads/2013/06/miembros-rihp-300x199.jpg 300w" sizes="(max-width: 568px) 100vw, 568px" /></a><figcaption id="caption-attachment-2456" class="wp-caption-text">Medellin, Colombia, 2018</figcaption></figure>
<p>&nbsp;</p>

<p>La Red Iberoamericana de Historia de la Psiquiatría pretende dar a conocer las investigaciones que diferentes grupos llevan a cabo sobre diversos aspectos de la historia de la psiquiatría, la psicología y el psicoanálisis en Iberoamérica y aunar esfuerzos que fomenten el debate entre especialistas mediante la preparación de proyectos conjuntos y estudios comparativos. La<a class="sup-readmore" href="https://redhistoriapsi.mora.edu.mx/?page_id=590" >Leer más&#8230;</a></p>
