{"id":920,"date":"2014-07-22T15:45:54","date_gmt":"2014-07-22T15:45:54","guid":{"rendered":"http:\/\/rihpblog.wordpress.com\/?page_id=920"},"modified":"2024-06-19T18:41:15","modified_gmt":"2024-06-19T18:41:15","slug":"contacto","status":"publish","type":"page","link":"https:\/\/redhistoriapsi.mora.edu.mx\/?page_id=920","title":{"rendered":"Contacto"},"content":{"rendered":"<p><span style=\"color: #aa0000;\">Cristina Sacrist\u00e1n G\u00f3mez<\/span><br \/>\ncsacristan@institutomora.edu.mx<\/p>\n<p><span style=\"color: #aa0000;\">Jos\u00e9 Antonio Maya Gonz\u00e1lez<\/span><br \/>\njomayago@gmail.com<\/p>\n","protected":false},"excerpt":{"rendered":"<p>Cristina Sacrist\u00e1n G\u00f3mez csacristan@institutomora.edu.mx Jos\u00e9 Antonio Maya Gonz\u00e1lez jomayago@gmail.com<\/p>\n","protected":false},"author":7854,"featured_media":0,"parent":0,"menu_order":0,"comment_status":"closed","ping_status":"closed","template":"","meta":{"footnotes":""},"post_mailing_queue_ids":[],"_links":{"self":[{"href":"https:\/\/redhistoriapsi.mora.edu.mx\/index.php?rest_route=\/wp\/v2\/pages\/920"}],"collection":[{"href":"https:\/\/redhistoriapsi.mora.edu.mx\/index.php?rest_route=\/wp\/v2\/pages"}],"about":[{"href":"https:\/\/redhistoriapsi.mora.edu.mx\/index.php?rest_route=\/wp\/v2\/types\/page"}],"author":[{"embeddable":true,"href":"https:\/\/redhistoriapsi.mora.edu.mx\/index.php?rest_route=\/wp\/v2\/users\/7854"}],"replies":[{"embeddable":true,"href":"https:\/\/redhistoriapsi.mora.edu.mx\/index.php?rest_route=%2Fwp%2Fv2%2Fcomments&post=920"}],"version-history":[{"count":4,"href":"https:\/\/redhistoriapsi.mora.edu.mx\/index.php?rest_route=\/wp\/v2\/pages\/920\/revisions"}],"predecessor-version":[{"id":3242,"href":"https:\/\/redhistoriapsi.mora.edu.mx\/index.php?rest_route=\/wp\/v2\/pages\/920\/revisions\/3242"}],"wp:attachment":[{"href":"https:\/\/redhistoriapsi.mora.edu.mx\/index.php?rest_route=%2Fwp%2Fv2%2Fmedia&parent=920"}],"curies":[{"name":"wp","href":"https:\/\/api.w.org\/{rel}","templated":true}]}}